{"id":513,"date":"2017-05-10T22:53:04","date_gmt":"2017-05-10T20:53:04","guid":{"rendered":"http:\/\/test.dirkpeters.net\/?page_id=513"},"modified":"2018-01-02T18:37:38","modified_gmt":"2018-01-02T17:37:38","slug":"brandenburgische-genealogische-nachrichten","status":"publish","type":"page","link":"https:\/\/dirkpeters.info\/?page_id=513","title":{"rendered":"Brandenburgische Genealogische Nachrichten"},"content":{"rendered":"<p>Brandenburgische Genealogische Nachrichten, die viertelj\u00e4hrliche Vereinszeitschrift der Brandenburgischen Genealogischen Gesellschaft \u201eRoter Adler\u201c e. V., \u00e4ltere Hefte stehen auf der Seite des Vereins zum Download bereit.<\/p>\n<table>\n<tr>\n<td style=\"width:25%\">2006<\/p>\n<ul>\n<li><a href=\"http:\/\/www.bggroteradler.de\/opl\/bgn\/2006\/bgn-01-2006-01.pdf\">Heft 1<\/a><\/li>\n<li><a href=\"http:\/\/www.bggroteradler.de\/opl\/bgn\/2006\/bgn-02-2006-02.pdf\">Heft 2<\/a><\/li>\n<\/ul>\n<\/td>\n<td style=\"width:25%\">2007<\/p>\n<ul>\n<li><a href=\"http:\/\/www.bggroteradler.de\/opl\/bgn\/2007\/bgn-03-2007-01.pdf\">Heft 1<\/a><\/li>\n<li><a href=\"http:\/\/www.bggroteradler.de\/opl\/bgn\/2007\/bgn-04-2007-02.pdf\">Heft 2<\/a><\/li>\n<li><a href=\"http:\/\/www.bggroteradler.de\/opl\/bgn\/2007\/bgn-05-2007-03.pdf\">Heft 3<\/a><\/li>\n<li><a href=\"http:\/\/www.bggroteradler.de\/opl\/bgn\/2007\/bgn-06-2007-04.pdf\">Heft 4<\/a><\/li>\n<\/ul>\n<\/td>\n<td style=\"width:25%\">2008<\/p>\n<ul>\n<li><a href=\"http:\/\/www.bggroteradler.de\/opl\/bgn\/2008\/bgn-07-2008-01.pdf\">Heft 1<\/a><\/li>\n<li><a href=\"http:\/\/www.bggroteradler.de\/opl\/bgn\/2008\/bgn-08-2008-02.pdf\">Heft 2<\/a><\/li>\n<li><a href=\"http:\/\/www.bggroteradler.de\/opl\/bgn\/2008\/bgn-09-2008-03.pdf\">Heft 3<\/a><\/li>\n<li><a href=\"http:\/\/www.bggroteradler.de\/opl\/bgn\/2008\/bgn-10-2008-04.pdf\">Heft 4<\/a><\/li>\n<\/ul>\n<\/td>\n<td style=\"width:25%\">2009<\/p>\n<ul>\n<li><a href=\"http:\/\/www.bggroteradler.de\/opl\/bgn\/2009\/bgn-11-2009-01.pdf\">Heft 1<\/a><\/li>\n<li><a href=\"http:\/\/www.bggroteradler.de\/opl\/bgn\/2009\/bgn-12-2009-02.pdf\">Heft 2<\/a><\/li>\n<li><a href=\"http:\/\/www.bggroteradler.de\/opl\/bgn\/2009\/bgn-13-2009-03.pdf\">Heft 3<\/a><\/li>\n<li><a href=\"http:\/\/www.bggroteradler.de\/opl\/bgn\/2009\/bgn-14-2009-04.pdf\">Heft 4<\/a><\/li>\n<\/ul>\n<\/td>\n<tr>\n<td>2010<\/p>\n<ul>\n<li><a href=\"http:\/\/www.bggroteradler.de\/opl\/bgn\/2010\/bgn-15-2010-01.pdf\">Heft 1<\/a><\/li>\n<li><a href=\"http:\/\/www.bggroteradler.de\/opl\/bgn\/2010\/bgn-16-2010-02.pdf\">Heft 2<\/a><\/li>\n<li><a href=\"http:\/\/www.bggroteradler.de\/opl\/bgn\/2010\/bgn-17-2010-03.pdf\">Heft 3<\/a><\/li>\n<li><a href=\"http:\/\/www.bggroteradler.de\/opl\/bgn\/2010\/bgn-18-2010-04.pdf\">Heft 4<\/a><\/li>\n<\/ul>\n<\/td>\n<td>2011<\/p>\n<ul>\n<li><a href=\"http:\/\/www.bggroteradler.de\/opl\/bgn\/2011\/bgn-19-2011-01.pdf\">Heft 1<\/a><\/li>\n<li><a href=\"http:\/\/www.bggroteradler.de\/opl\/bgn\/2011\/bgn-20-2011-02.pdf\">Heft 2<\/a><\/li>\n<li><a href=\"http:\/\/www.bggroteradler.de\/opl\/bgn\/2011\/bgn-21-2011-03.pdf\">Heft 3<\/a><\/li>\n<li><a href=\"http:\/\/www.bggroteradler.de\/opl\/bgn\/2011\/bgn-22-2011-04.pdf\">Heft 4<\/a><\/li>\n<\/ul>\n<\/td>\n<td>2012<\/p>\n<ul>\n<li><a href=\"http:\/\/www.bggroteradler.de\/opl\/bgn\/2012\/bgn-23-2012-01.pdf\">Heft 1<\/a><\/li>\n<li><a href=\"http:\/\/www.bggroteradler.de\/opl\/bgn\/2012\/bgn-24-2012-02.pdf\">Heft 2<\/a><\/li>\n<li><a href=\"http:\/\/www.bggroteradler.de\/opl\/bgn\/2012\/bgn-25-2012-03.pdf\">Heft 3<\/a><\/li>\n<li><a href=\"http:\/\/www.bggroteradler.de\/opl\/bgn\/2012\/bgn-26-2012-04.pdf\">Heft 4<\/a><\/li>\n<\/ul>\n<\/td>\n<td><\/td>\n<\/tr>\n<\/table>\n","protected":false},"excerpt":{"rendered":"<p>Brandenburgische Genealogische Nachrichten, die viertelj\u00e4hrliche Vereinszeitschrift der Brandenburgischen Genealogischen Gesellschaft \u201eRoter Adler\u201c e. V., \u00e4ltere Hefte stehen auf der Seite des Vereins zum Download bereit. 2006 Heft 1 Heft 2<\/p>\n<div><a href=\"https:\/\/dirkpeters.info\/?page_id=513\" class=\"exp-read-more exp-read-more-underlined\">Read More<\/a><\/div>\n","protected":false},"author":1,"featured_media":0,"parent":123,"menu_order":0,"comment_status":"closed","ping_status":"closed","template":"","meta":{"jetpack_post_was_ever_published":false,"footnotes":"","_links_to":"","_links_to_target":""},"class_list":["post-513","page","type-page","status-publish","hentry"],"jetpack_shortlink":"https:\/\/wp.me\/P8HCXc-8h","jetpack-related-posts":[{"id":397,"url":"https:\/\/dirkpeters.info\/?page_id=397","url_meta":{"origin":513,"position":0},"title":"Meine genealogische Bibliothek &#8211; Zeitschriften und Jahrb\u00fccher","author":"dirkpeters","date":"10. Mai 2017","format":false,"excerpt":"AMF Mitteldeutsche Familiengeschichte, Bd. V. 1976-1979 Zeitschrift f\u00fcr Mitteldeutsche Familiengeschichte, seit 2008 BGG Brandenburgische Genealogische Nachrichten ab 2006 Brandenburgisches Genealogisches Jahrbuch ab Bd. 1 Compgen Computergenealogie, 2005 - 2014 Pommerscher Greif Sedina Archiv ab 2014 Verein f\u00fcr mecklenburgische Familien- und Personengeschichte e. V. Mitteilungen des Vereins f\u00fcr mecklenburgische Familien- und\u2026","rel":"","context":"In \"AMF\"","block_context":{"text":"AMF","link":"https:\/\/dirkpeters.info\/?tag=amf"},"img":{"alt_text":"","src":"","width":0,"height":0},"classes":[]},{"id":131,"url":"https:\/\/dirkpeters.info\/?page_id=131","url_meta":{"origin":513,"position":1},"title":"Familien\u00fcbergreifende Reihen und B\u00fccher","author":"dirkpeters","date":"6. Mai 2017","format":false,"excerpt":"Links zu B\u00fcchern und Reihen, die familien\u00fcbergreifende Informationen bzw. Informationen zu mehreren Familien enthalten.Das Herunterladen von B\u00fcchern bei Google, die nach 1870 erschienen sind funktioniert nur \u00fcber einen amerikanischen Proxy bzw. das Firefox-Addon googlesharing. Das eingeschaltete Browsen simuliert nun die Suche als US-B\u00fcrger und erm\u00f6glicht im Gesamtergebnis zuverl\u00e4ssig einige Downloads\u2026","rel":"","context":"\u00c4hnlicher Beitrag","block_context":{"text":"\u00c4hnlicher Beitrag","link":""},"img":{"alt_text":"","src":"","width":0,"height":0},"classes":[]},{"id":123,"url":"https:\/\/dirkpeters.info\/?page_id=123","url_meta":{"origin":513,"position":2},"title":"Service","author":"dirkpeters","date":"6. Mai 2017","format":false,"excerpt":"A Adel im Netz Ahnenlisten aus dem Ahnenlistenumlauf, 21 Microfilmrollen Ahnenreihen aus allen Deutschen Gauen Ahnenreihenwerk Geschwister Fischer Die Ahnenstammkartei des deutschen Volkes: Teil I, gesamt 638 Mikrofilmrollen Die Ahnenstammkartei des deutschen Volkes: Teil II, Ahnenlisten, gesamt 576 Mikrofilmrollen Ahnentafel Peters Akten des preu\u00df. Heroldsamtes Altpreu\u00dfische Geschlechterkunde Armorial et nobiliaire\u2026","rel":"","context":"In \"Links\"","block_context":{"text":"Links","link":"https:\/\/dirkpeters.info\/?tag=links"},"img":{"alt_text":"","src":"","width":0,"height":0},"classes":[]},{"id":385,"url":"https:\/\/dirkpeters.info\/?page_id=385","url_meta":{"origin":513,"position":3},"title":"Meine Genealogische Bibliothek &#8211; Familiengeschichten","author":"dirkpeters","date":"10. Mai 2017","format":false,"excerpt":"Alten: Geschichte des Geschlechts von Alten 1182-1982 - W\u00e4tjen, Hans - Wolfsburg, 1981 Behr: Urkunden und Forschungen zur Geschichte des Geschlechts Behr G\u00fctzkower Linie - Bd VII - Behr, Marcelle und Fritz von - Selbstverlag Berger: Ahnenliste Berger - Ein Geschlecht aus dem Verwandtschaftskreis des Rudolf Stoye - Berger, Thomas\u2026","rel":"","context":"In \"B\u00fccher\"","block_context":{"text":"B\u00fccher","link":"https:\/\/dirkpeters.info\/?tag=buecher"},"img":{"alt_text":"","src":"","width":0,"height":0},"classes":[]},{"id":366,"url":"https:\/\/dirkpeters.info\/?page_id=366","url_meta":{"origin":513,"position":4},"title":"Meine Genealogische Bibliothek &#8211; Sammelwerke","author":"dirkpeters","date":"9. Mai 2017","format":false,"excerpt":"Deutsches Geschlechterbuch Bde. 1-87 (CD's) - C. A. Starke Verlag Genealogisches Handbuch des Adels Reihe - C. A. Starke Verlag Adelige H\u00e4user A Bde. 1 - 8, 12, 14, 18 Adelige H\u00e4user B Bd. 1 Adelige H\u00e4user Bde. 34 - 36 Freiherrliche H\u00e4user A Bde. 1 - 6, 12 Freiherrliche\u2026","rel":"","context":"In \"B\u00fccher\"","block_context":{"text":"B\u00fccher","link":"https:\/\/dirkpeters.info\/?tag=buecher"},"img":{"alt_text":"","src":"","width":0,"height":0},"classes":[]},{"id":363,"url":"https:\/\/dirkpeters.info\/?page_id=363","url_meta":{"origin":513,"position":5},"title":"Meine genealogische Bibliothek","author":"dirkpeters","date":"9. Mai 2017","format":false,"excerpt":"In drei\u00dfig Jahren Familienforschung hat sich so einiges in meiner Bibliothek angesammelt. Gerne gebe ich bei Anfragen Auskunft, Scans oder Kopien mache ich allerdings aus R\u00fccksicht auf die B\u00fccher nicht. Da ich nicht st\u00e4ndig zu Hause bin, kann es eine Weile dauern bis Anfragen beantwortet werden, ich bitte daher notfalls\u2026","rel":"","context":"In \"B\u00fccher\"","block_context":{"text":"B\u00fccher","link":"https:\/\/dirkpeters.info\/?tag=buecher"},"img":{"alt_text":"","src":"","width":0,"height":0},"classes":[]}],"jetpack_sharing_enabled":true,"jetpack_likes_enabled":true,"_links":{"self":[{"href":"https:\/\/dirkpeters.info\/index.php?rest_route=\/wp\/v2\/pages\/513","targetHints":{"allow":["GET"]}}],"collection":[{"href":"https:\/\/dirkpeters.info\/index.php?rest_route=\/wp\/v2\/pages"}],"about":[{"href":"https:\/\/dirkpeters.info\/index.php?rest_route=\/wp\/v2\/types\/page"}],"author":[{"embeddable":true,"href":"https:\/\/dirkpeters.info\/index.php?rest_route=\/wp\/v2\/users\/1"}],"replies":[{"embeddable":true,"href":"https:\/\/dirkpeters.info\/index.php?rest_route=%2Fwp%2Fv2%2Fcomments&post=513"}],"version-history":[{"count":3,"href":"https:\/\/dirkpeters.info\/index.php?rest_route=\/wp\/v2\/pages\/513\/revisions"}],"predecessor-version":[{"id":1869,"href":"https:\/\/dirkpeters.info\/index.php?rest_route=\/wp\/v2\/pages\/513\/revisions\/1869"}],"up":[{"embeddable":true,"href":"https:\/\/dirkpeters.info\/index.php?rest_route=\/wp\/v2\/pages\/123"}],"wp:attachment":[{"href":"https:\/\/dirkpeters.info\/index.php?rest_route=%2Fwp%2Fv2%2Fmedia&parent=513"}],"curies":[{"name":"wp","href":"https:\/\/api.w.org\/{rel}","templated":true}]}}