{"id":422,"date":"2017-05-10T19:36:34","date_gmt":"2017-05-10T17:36:34","guid":{"rendered":"http:\/\/test.dirkpeters.net\/?page_id=422"},"modified":"2017-05-10T19:36:34","modified_gmt":"2017-05-10T17:36:34","slug":"ahnenreihen-aus-allen-deutschen-gauen","status":"publish","type":"page","link":"https:\/\/dirkpeters.info\/?page_id=422","title":{"rendered":"Ahnenreihen aus allen Deutschen Gauen"},"content":{"rendered":"<p>Ahnenreihen aus allen deutschen Gauen, bearbeitet von Hans Friedrich von Ehrenkrook, Verlag f\u00fcr Sippenforschung und Wappenkunde C. A. Starke, G\u00f6rlitz.<\/p>\n<p>In den einzelnen B\u00e4nden sind Ahnenreihen folgender Personen enthalten:<\/p>\n<table>\n<thead>\n<tr>\n<th style=\"width:25%; background-color:#88888D; color:#FFFFFF;\">Band 1<\/th>\n<th style=\"width:25%; background-color:#88888D; color:#FFFFFF;\">Band 2<\/th>\n<th style=\"width:25%; background-color:#88888D; color:#FFFFFF;\">Band 3<\/th>\n<th style=\"width:25%; background-color:#88888D; color:#FFFFFF;\">Band 4<\/th>\n<\/tr>\n<\/thead>\n<tbody>\n<tr>\n<td style=\"text-align:left;vertical-align:top;\">\n<ul>\n<li>Ernst <em><strong>Bohlmann<\/strong><\/em><\/li>\n<li>Arnold <em><strong>B\u00f6lsche<\/strong><\/em><\/li>\n<li>Geschwister Freiherr <em><strong>von Cornberg<\/strong><\/em><\/li>\n<li>Alexander Edler von <em><strong>Daniels<\/strong><\/em><\/li>\n<li>Otto <em><strong>Dittmer<\/strong><\/em><\/li>\n<li>Anton <em><strong>Eberlein<\/strong><\/em><\/li>\n<li>Hans-Friedrich <em><strong>von Ehrenkrook<\/strong><\/em><\/li>\n<li>Geschwister <em><strong>von Eltz<\/strong><\/em><\/li>\n<li>Karl-Georg <em><strong>Flie\u00dfbach<\/strong><\/em><\/li>\n<li>Hermann <em><strong>G\u00f6rtler<\/strong><\/em><\/li>\n<li>Karl Albrecht <em><strong>von Groddeck<\/strong><\/em><\/li>\n<li>Carola <em><strong>von Hagen<\/strong><\/em><\/li>\n<li>Viktor <em><strong>von Heimburg<\/strong><\/em><\/li>\n<li>Maria <em><strong>Heyn<\/strong><\/em><\/li>\n<li>Otto <em><strong>H\u00fcbner<\/strong><\/em><\/li>\n<li>Reinhard <em><strong>Hugershoff<\/strong><\/em><\/li>\n<li>Theodor <em><strong>Insam<\/strong><\/em><\/li>\n<li>Richard <em><strong>Jecht<\/strong><\/em><\/li>\n<li>Johanna <em><strong>Junck<\/strong><\/em><\/li>\n<li>Ernst <em><strong>Kannengie\u00dfer<\/strong><\/em><\/li>\n<li>Friedrich <em><strong>Keil<\/strong><\/em><\/li>\n<li>Ida Freiin <em><strong>von Ketelhodt<\/strong><\/em><\/li>\n<li>L\u00fctke Freiherr <em><strong>von Ketelhodt<\/strong><\/em><\/li>\n<li>Dietrich <em><strong>von Keyserlingk<\/strong><\/em><\/li>\n<li>Bernhard <em><strong>Koerner<\/strong><\/em><\/li>\n<li>Geschwister <em><strong>Krause<\/strong><\/em><\/li>\n<li>Meta <em><strong>Kreuziger<\/strong><\/em><\/li>\n<li>Christian <em><strong>Krollmann<\/strong><\/em><\/li>\n<li>Martha <em><strong>Lopitzsch<\/strong><\/em><\/li>\n<li>August <em><strong>von Mackensen<\/strong><\/em><\/li>\n<li>Edgar <em><strong>Mewes<\/strong><\/em><\/li>\n<li>Gottfried Heinrich <em><strong>von M\u00fcller-Berneck<\/strong><\/em><\/li>\n<li>Clara <em><strong>Presch<\/strong><\/em><\/li>\n<li>Hanns <em><strong>Sch\u00e4cker<\/strong><\/em><\/li>\n<li>Grete <em><strong>Scheck<\/strong><\/em><\/li>\n<li>Richard <em><strong>Schl\u00fcter<\/strong><\/em><\/li>\n<li>Hano <em><strong>Schulz<\/strong><\/em><\/li>\n<li>Heinrich und Luise <em><strong>Schwappacher<\/strong><\/em><\/li>\n<li>Friedrich <em><strong>Sostmann<\/strong><\/em><\/li>\n<li>Geschwister <em><strong>von Szymonski<\/strong><\/em><\/li>\n<li>Otto Freiherr <em><strong>von Taube<\/strong><\/em><\/li>\n<li>Theodor Ernst <em><strong>Vaternahm<\/strong><\/em><\/li>\n<li>Erich <em><strong>Wentscher<\/strong><\/em><\/li>\n<li>Eduard <em><strong>von Westernhagen<\/strong><\/em><\/li>\n<li>Joachim <em><strong>von Winterfeldt<\/strong><\/em><\/li>\n<li>Geschwister <em><strong>Witt<\/strong><\/em><\/li>\n<li>Maria <em><strong>Wittich<\/strong><\/em><\/li>\n<li>Oskar <em><strong>Wolff<\/strong><\/em><\/li>\n<\/ul>\n<\/td>\n<td style=\"text-align:left;vertical-align:top;\">\n<ul>\n<li>Manfred Baron <em><strong>von Ardenne<\/strong><\/em><\/li>\n<li>Lothar <em><strong>Aries<\/strong><\/em><\/li>\n<li>K\u00e4the <em><strong>Axt<\/strong><\/em><\/li>\n<li>Ehrenreich Hasso <em><strong>von Be\u00dfer<\/strong><\/em><\/li>\n<li>Richard <em><strong>Betz<\/strong><\/em><\/li>\n<li>Marie <em><strong>von Bode<\/strong><\/em><\/li>\n<li>Martha <em><strong>Bode<\/strong><\/em><\/li>\n<li>Geschwister <em><strong>Borchert<\/strong><\/em><\/li>\n<li>Thomas Hermann <em><strong>Brand<\/strong><\/em><\/li>\n<li>Hans Heinrich <em><strong>Brandt<\/strong><\/em><\/li>\n<li>Alexander Edler <em><strong>von Daniels<\/strong><\/em><\/li>\n<li>Rudolf Reinhold Ferdinand <em><strong>Doerfel<\/strong><\/em><\/li>\n<li>Eberhard, Gerda und Helga <em><strong>Eggel<\/strong><\/em><\/li>\n<li>Joseph Freiherr <em><strong>von Eichendorff<\/strong><\/em><\/li>\n<li>Geb\u00fcder <em><strong>Erpf<\/strong><\/em><\/li>\n<li>Julius <em><strong>Eversmann<\/strong><\/em><\/li>\n<li>Gerhard <em><strong>Faust<\/strong><\/em> und Geschwister<\/li>\n<li>Heinrich <em><strong>Feisel<\/strong><\/em><\/li>\n<li>Johann Gottlieb <em><strong>Fichte<\/strong><\/em><\/li>\n<li>Hedwig Johanna Elisabeth <em><strong>Fick<\/strong><\/em><\/li>\n<li>Johann Heinrich Christoph <em><strong>Fick<\/strong><\/em><\/li>\n<li>Johannes Georg Friedrich <em><strong>Fick<\/strong><\/em><\/li>\n<li>Johannes Hermann Heinrich <em><strong>Fick<\/strong><\/em><\/li>\n<li>Marie <em><strong>Fick<\/strong><\/em><\/li>\n<li>Paul Heinrich Detlef <em><strong>Fick<\/strong><\/em><\/li>\n<li>Wilhelmine <em><strong>Fick<\/strong><\/em><\/li>\n<li>Walter und Erwin <em><strong>Freier<\/strong><\/em><\/li>\n<li>Katharina und Konstantin <em><strong>Geist<\/strong><\/em><\/li>\n<li>Susanne <em><strong>Go\u00dfler<\/strong><\/em><\/li>\n<li>Gustav Robert <em><strong>G\u00f6rtler<\/strong><\/em><\/li>\n<li>Heinrich <em><strong>G\u00f6rtler<\/strong><\/em><\/li>\n<li>Hermann <em><strong>G\u00f6rtler<\/strong><\/em><\/li>\n<li>Geschwister <em><strong>von Go\u00dfler<\/strong><\/em><\/li>\n<li>Georg und Eduard <em><strong>Grigoleit<\/strong><\/em><\/li>\n<li>Wolfgang <em><strong>von Gronau<\/strong><\/em><\/li>\n<li>Eva Dolly <em><strong>Grundmann<\/strong><\/em><\/li>\n<li>Robert <em><strong>Hee\u00df<\/strong><\/em><\/li>\n<li>Hans G\u00fcnther <em><strong>H\u00f6ltzel<\/strong><\/em><\/li>\n<li>Oskar <em><strong>Horn<\/strong><\/em><\/li>\n<li>Elisabeth und Wilhelm <em><strong>Horster<\/strong><\/em><\/li>\n<li>Curt <em><strong>von Hugo<\/strong><\/em><\/li>\n<li>Icko und Margarethe <em><strong>Iben (Ihben)<\/strong><\/em><\/li>\n<li>Helene Auguste <em><strong>Johannsen<\/strong><\/em><\/li>\n<li>Wilhelm <em><strong>Kardel<\/strong><\/em><\/li>\n<li>Ida Freiin <em><strong>von Ketelhodt<\/strong><\/em><\/li>\n<li>L\u00fctke Freiherr <em><strong>von Ketelhodt<\/strong><\/em><\/li>\n<li>Oskar <em><strong>von Koscielski-Ponoschau<\/strong><\/em><\/li>\n<li>Eduard <em><strong>Kurlbaum<\/strong><\/em><\/li>\n<li>Walther <em><strong>von Kutzschenbach<\/strong><\/em><\/li>\n<li>Gertrud <em><strong>Lehmann<\/strong><\/em><\/li>\n<li>Geschwister <em><strong>Lehmann-Nitsche<\/strong><\/em><\/li>\n<li>Hans <em><strong>Mahrenholz<\/strong><\/em><\/li>\n<li>Geschwister <em><strong>Mauritz<\/strong><\/em><\/li>\n<li>Kurt <em><strong>Mayer<\/strong><\/em><\/li>\n<li>Reinhard <em><strong>Meinhold<\/strong><\/em><\/li>\n<li>Geschwister <em><strong>Meininghaus<\/strong><\/em><\/li>\n<li>Alice <em><strong>Mensing<\/strong><\/em><\/li>\n<li>Geschwister <em><strong>Mooshake<\/strong><\/em><\/li>\n<li>Geschwister <em><strong>Nathusius<\/strong><\/em><\/li>\n<li>Wilhelm <em><strong>von Opel<\/strong><\/em><\/li>\n<li>Annemarie <em><strong>Petersen<\/strong><\/em><\/li>\n<li>Geschwister <em><strong>Pl\u00fcmicke<\/strong><\/em><\/li>\n<li>Karl <em><strong>Regius<\/strong><\/em><\/li>\n<li>Ingeborg <em><strong>Reimer<\/strong><\/em><\/li>\n<li>Geschwister <em><strong>Rendtorff<\/strong><\/em><\/li>\n<li>Philipp <em><strong>Reis<\/strong><\/em><\/li>\n<li>Alice <em><strong>von Schmidt-Rei\u00dfig<\/strong><\/em><\/li>\n<li>Ilse <em><strong>Rohde<\/strong><\/em><\/li>\n<li>Dr. August <em><strong>Roth<\/strong><\/em><\/li>\n<li>Johann Benjamin <em><strong>Sahmel<\/strong><\/em><\/li>\n<li>Ella <em><strong>Sambraus<\/strong><\/em><\/li>\n<li>Werner <em><strong>Schiege<\/strong><\/em><\/li>\n<li>Auguste Marie Elisabeth <em><strong>Schrader<\/strong><\/em><\/li>\n<li>Helmut <em><strong>Schricker<\/strong><\/em><\/li>\n<li>Grafen <em><strong>von der Schulenburg<\/strong><\/em><\/li>\n<li>Geschwister <em><strong>Sch\u00fclke<\/strong><\/em><\/li>\n<li>Geschwister <em><strong>Schulz<\/strong><\/em><\/li>\n<li>Hans <em><strong>Schulz<\/strong><\/em><\/li>\n<li>Geschwister <em><strong>Spenger<\/strong><\/em><\/li>\n<li>Karl <em><strong>Spitzweg<\/strong><\/em><\/li>\n<li>Wolfgang <em><strong>Stroothenke<\/strong><\/em><\/li>\n<li>Geschwister <em><strong>Sutor-Wernich<\/strong><\/em><\/li>\n<li>Else <em><strong>von Trotha<\/strong><\/em><\/li>\n<li>Paul Freiherr <em><strong>von Troschke<\/strong><\/em><\/li>\n<li>Geschwister <em><strong>Vo\u00df<\/strong><\/em><\/li>\n<li>Gretel <em><strong>Walther<\/strong><\/em><\/li>\n<li>Geschwister <em><strong>Welke (I) <\/strong><\/em><\/li>\n<li>Geschwister <em><strong>Welke (II) <\/strong><\/em><\/li>\n<li>Liselotte <em><strong>Winther<\/strong><\/em><\/li>\n<\/ul>\n<\/td>\n<td style=\"text-align:left;vertical-align:top;\">\n<ul>\n<li>Geschwister <em><strong>Barop<\/strong><\/em><\/li>\n<li>Gebr\u00fcder <em><strong>Bartsch<\/strong><\/em><\/li>\n<li>Johanna <em><strong>Bering<\/strong><\/em><\/li>\n<li>Rulemann <em><strong>Bernhardi-Grisson<\/strong><\/em><\/li>\n<li>Alexander Graf <em><strong>von Brandenstein-Zeppelin<\/strong><\/em><\/li>\n<li>Wilhelm Dietrich <em><strong>von Buddenbrock<\/strong><\/em><\/li>\n<li>Otto <em><strong>Candidus<\/strong><\/em><\/li>\n<li>Geschwister <em><strong>Cartellieri<\/strong><\/em><\/li>\n<li>Carl <em><strong>Clewing<\/strong><\/em><\/li>\n<li>Gebr\u00fcder Klaus, York, G\u00f6tz und Dirk <em><strong>Dyckerhoff<\/strong><\/em><\/li>\n<li>Geschwister Gertrud und Liselotte <em><strong>Eckert<\/strong><\/em><\/li>\n<li>Geschwister <em><strong>Eichenauer<\/strong><\/em><\/li>\n<li>Gebr\u00fcder Arno und Hans <em><strong>Gerhardt<\/strong><\/em><\/li>\n<li>Geschwister <em><strong>Gruhl<\/strong><\/em><\/li>\n<li>Horst <em><strong>Heenemann<\/strong><\/em><\/li>\n<li>Rolf-G\u00fcnter <em><strong>Hermsdorf<\/strong><\/em><\/li>\n<li>Gebr\u00fcder <em><strong>Hieber<\/strong><\/em><\/li>\n<li>Geschwister <em><strong>Jacobsen<\/strong><\/em><\/li>\n<li>Geschwister <em><strong>Lube<\/strong><\/em><\/li>\n<li>Geschwister <em><strong>Lucius-Hebel<\/strong><\/em><\/li>\n<li>Geschwister <em><strong>Mauritz<\/strong><\/em><\/li>\n<li>Geschwister Vally und Alice <em><strong>Minten<\/strong><\/em><\/li>\n<li>Gebr\u00fcder Hand und Alfred <em><strong>Nathusius<\/strong><\/em><\/li>\n<li>Gebr\u00fcder Wilhelm, Wolfram und Ulrich <em><strong>Osterroht<\/strong><\/em><\/li>\n<li>Ernst <em><strong>Pochhammer<\/strong><\/em><\/li>\n<li>Helmuth <em><strong>Redlich<\/strong><\/em><\/li>\n<li>Carl Hermann <em><strong>Riesen-Karutz<\/strong><\/em><\/li>\n<li>Egon <em><strong>von Scheibler<\/strong><\/em><\/li>\n<li>Gebr\u00fcder Erich und Joachim <em><strong>Schliemann<\/strong><\/em><\/li>\n<li>Hermann <em><strong>Sternagel-Haase<\/strong><\/em><\/li>\n<li>Wiltraut und Marianne <em><strong>Stippich<\/strong><\/em><\/li>\n<li>Helmut <em><strong>Thom\u00e4<\/strong><\/em><\/li>\n<li>G\u00fcnther <em><strong>Unshelm<\/strong><\/em><\/li>\n<li>Eduard Adolf <em><strong>Voigt<\/strong><\/em><\/li>\n<li>Geschwister Otto, Marie und Paul <em><strong>Voigt<\/strong><\/em><\/li>\n<li>Geschwister <em><strong>Vowinckel<\/strong><\/em><\/li>\n<li>Geschwister <em><strong>Wagner<\/strong><\/em><\/li>\n<li>Johann <em><strong>Witte<\/strong><\/em><\/li>\n<li>Geschwister <em><strong>Zell<\/strong><\/em><\/li>\n<\/ul>\n<\/td>\n<td style=\"text-align:left;vertical-align:top;\">\n<ul>\n<li>Geschwister <em><strong>Arnold<\/strong><\/em><\/li>\n<li>Franz <em><strong>von Banniza<\/strong><\/em><\/li>\n<li>Eduard <em><strong>Blumer<\/strong><\/em><\/li>\n<li>Johann Jakob <em><strong>Blumer<\/strong><\/em><\/li>\n<li>Walter <em><strong>Blumer<\/strong><\/em><\/li>\n<li>Guiseppe Graf <em><strong>Bolza<\/strong><\/em><\/li>\n<li>Reinhard <em><strong>Brandt<\/strong><\/em><\/li>\n<li>Ursula und Klaus <em><strong>Bruchman<\/strong><\/em><\/li>\n<li>Christine Charlotte Adelheid <em><strong>Buddeke<\/strong><\/em><\/li>\n<li>Geschwister <em><strong>Cleve<\/strong><\/em><\/li>\n<li>Geschwister <em><strong>Cleve<\/strong><\/em><\/li>\n<li>Franziska Josephine Bernhardine Gertrud <em><strong>Cordes<\/strong><\/em><\/li>\n<li>Louis <em><strong>Corinth<\/strong><\/em><\/li>\n<li>Gebr\u00fcder <em><strong>Diekmann<\/strong><\/em><\/li>\n<li>Geschwister <em><strong>Dittmann<\/strong><\/em><\/li>\n<li>Minna <em><strong>Dittmann<\/strong><\/em><\/li>\n<li>Walter <em><strong>Dittmann<\/strong><\/em><\/li>\n<li>Maria Catharina <em><strong>Dorgelo<\/strong><\/em><\/li>\n<li>Ingeborg <em><strong>Eisermann<\/strong><\/em><\/li>\n<li>Anna Maria <em><strong>von der Emse<\/strong><\/em><\/li>\n<li>Ernst <em><strong>Esselborn<\/strong><\/em><\/li>\n<li>Otto <em><strong>Finckh<\/strong><\/em><\/li>\n<li>Paul <em><strong>Finckh<\/strong><\/em><\/li>\n<li>Rudolf <em><strong>G\u00f6rlich<\/strong><\/em><\/li>\n<li>Klaus <em><strong>G\u00f6rtler<\/strong><\/em><\/li>\n<li>Klaus <em><strong>G\u00f6rtler<\/strong><\/em><\/li>\n<li>Ferdinand <em><strong>Gra\u00dfmann<\/strong><\/em><\/li>\n<li>Justus G\u00fcnther <em><strong>Gra\u00dfmann<\/strong><\/em><\/li>\n<li>Dietrich und Heinrich <em><strong>Grossebert<\/strong><\/em><\/li>\n<li>Geschwister <em><strong>Grube<\/strong><\/em><\/li>\n<li>Johann Georg <em><strong>Harasser<\/strong><\/em><\/li>\n<li>Friedrich-Wilhelm <em><strong>Heck<\/strong><\/em><\/li>\n<li>Geschwister <em><strong>Hellenthal<\/strong><\/em><\/li>\n<li>Geschwister <em><strong>Herfarth<\/strong><\/em><\/li>\n<li>Geschwister <em><strong>Hinrich<\/strong><\/em><\/li>\n<li>Geschwister <em><strong>Horst<\/strong><\/em><\/li>\n<li>Geschwister <em><strong>H\u00fcltzel<\/strong><\/em><\/li>\n<li>Alwine <em><strong>Jahnke<\/strong><\/em><\/li>\n<li>Franziska Irmgard Helene <em><strong>Junghau\u00df<\/strong><\/em><\/li>\n<li>Geschwister <em><strong>Junghau\u00df<\/strong><\/em><\/li>\n<li>Geschwister <em><strong>Karsch<\/strong><\/em><\/li>\n<li>Geschwister <em><strong>Kindler<\/strong><\/em><\/li>\n<li>Bernhard <em><strong>Koerner<\/strong><\/em><\/li>\n<li>Geschwister <em><strong>Kohla<\/strong><\/em><\/li>\n<li>Bertha <em><strong>Kreuser<\/strong><\/em><\/li>\n<li>Agnes <em><strong>Lackmann<\/strong><\/em><\/li>\n<li>Agnes <em><strong>Leiber (Wehberg)<\/strong><\/em><\/li>\n<li>Johanne <em><strong>Medenwaldt<\/strong><\/em><\/li>\n<li>Kurt Alfred <em><strong>Mehe<\/strong><\/em><\/li>\n<li>Geschwister <em><strong>Mensing<\/strong><\/em><\/li>\n<li>Franz <em><strong>Meyer zu Holte<\/strong><\/em><\/li>\n<li>Paul <em><strong>N\u00e4gle<\/strong><\/em><\/li>\n<li>Geschwister <em><strong>Neumerkel<\/strong><\/em><\/li>\n<li>Geschwister Ernst, Irmtraud und Siegrid <em><strong>Pawlik<\/strong><\/em><\/li>\n<li>Maria <em><strong>Rath<\/strong><\/em><\/li>\n<li>Henning Christoph <em><strong>von Redern<\/strong><\/em><\/li>\n<li>Geschwister <em><strong>Remmler<\/strong><\/em><\/li>\n<li>Geschwister <em><strong>Romeick<\/strong><\/em><\/li>\n<li>Reinhard <em><strong>Scheer<\/strong><\/em><\/li>\n<li>Karl Gottfried <em><strong>Scheibert<\/strong><\/em><\/li>\n<li>Br\u00fcder Johannes Georg und Guntram <em><strong>Schmalor<\/strong><\/em><\/li>\n<li>Friedrich <em><strong>Schmidt<\/strong><\/em><\/li>\n<li>Gerhild <em><strong>Seidel<\/strong><\/em><\/li>\n<li>Gebr\u00fcder <em><strong>Spitzenberger<\/strong><\/em><\/li>\n<li>Geschwister <em><strong>Spuler<\/strong><\/em><\/li>\n<li>Gustav und Helga <em><strong>Struck<\/strong><\/em><\/li>\n<li>Elise <em><strong>Sulzmann<\/strong><\/em><\/li>\n<li>Gerhard <em><strong>Tiemann<\/strong><\/em><\/li>\n<li>Geschwister <em><strong>Wehmer<\/strong><\/em><\/li>\n<li>Geschwister <em><strong>Wehn<\/strong><\/em><\/li>\n<li>Geschwister <em><strong>Willemer<\/strong><\/em><\/li>\n<li>Maria Catharina <em><strong>Wittrock<\/strong><\/em><\/li>\n<li>Geschwister <em><strong>Z\u00fclsdorff<\/strong><\/em><\/li>\n<\/ul>\n<\/td>\n<\/tr>\n<\/tbody>\n<\/table>\n","protected":false},"excerpt":{"rendered":"<p>Ahnenreihen aus allen deutschen Gauen, bearbeitet von Hans Friedrich von Ehrenkrook, Verlag f\u00fcr Sippenforschung und Wappenkunde C. A. Starke, G\u00f6rlitz. In den einzelnen B\u00e4nden sind Ahnenreihen folgender Personen enthalten: Band<\/p>\n<div><a href=\"https:\/\/dirkpeters.info\/?page_id=422\" class=\"exp-read-more exp-read-more-underlined\">Read More<\/a><\/div>\n","protected":false},"author":1,"featured_media":0,"parent":123,"menu_order":0,"comment_status":"closed","ping_status":"closed","template":"","meta":{"jetpack_post_was_ever_published":false,"footnotes":"","_links_to":"","_links_to_target":""},"class_list":["post-422","page","type-page","status-publish","hentry"],"jetpack_shortlink":"https:\/\/wp.me\/P8HCXc-6O","jetpack-related-posts":[{"id":373,"url":"https:\/\/dirkpeters.info\/?page_id=373","url_meta":{"origin":422,"position":0},"title":"Meine Genealogische Bibliothek \u2013 Ahnenreihen, Stammlisten, Ortsfamilienb\u00fccher","author":"dirkpeters","date":"10. Mai 2017","format":false,"excerpt":"Ahnen zu Karl dem Grossen und Widukind in 765 Ahnenst\u00e4mmen - Winkhaus, Eberhard; Selbstverlag Ennepetal-Altenvoerde 1950 Ahnenreihen aus allen deutschen Gauen Bde. 1 - 4 - Ehrenkrook, Hans Friedrich v. - C. A. Starke Verlag, Verzeichnis der Ahnenreihen Ahnen und Enkel, Bd. 1, Sammlung von Ahnen- und Nachkommenlisten - Euler,\u2026","rel":"","context":"In \"Ahnenreihen\"","block_context":{"text":"Ahnenreihen","link":"https:\/\/dirkpeters.info\/?tag=ahnenreihen"},"img":{"alt_text":"","src":"https:\/\/i0.wp.com\/dirkpeters.info\/wp-content\/uploads\/2019\/09\/es.jpg?resize=350%2C200&ssl=1","width":350,"height":200},"classes":[]},{"id":123,"url":"https:\/\/dirkpeters.info\/?page_id=123","url_meta":{"origin":422,"position":1},"title":"Service","author":"dirkpeters","date":"6. Mai 2017","format":false,"excerpt":"A Adel im Netz Ahnenlisten aus dem Ahnenlistenumlauf, 21 Microfilmrollen Ahnenreihen aus allen Deutschen Gauen Ahnenreihenwerk Geschwister Fischer Die Ahnenstammkartei des deutschen Volkes: Teil I, gesamt 638 Mikrofilmrollen Die Ahnenstammkartei des deutschen Volkes: Teil II, Ahnenlisten, gesamt 576 Mikrofilmrollen Ahnentafel Peters Akten des preu\u00df. Heroldsamtes Altpreu\u00dfische Geschlechterkunde Armorial et nobiliaire\u2026","rel":"","context":"In \"Links\"","block_context":{"text":"Links","link":"https:\/\/dirkpeters.info\/?tag=links"},"img":{"alt_text":"","src":"","width":0,"height":0},"classes":[]},{"id":439,"url":"https:\/\/dirkpeters.info\/?page_id=439","url_meta":{"origin":422,"position":2},"title":"Ahnentafel Peters","author":"dirkpeters","date":"10. Mai 2017","format":false,"excerpt":"Die Ahnentafel enth\u00e4lt die Vorfahren meiner Tochter bis zur 25. Generation. Die \u00f6ffentliche Version stelle ich hier zum Download bereit, sie enth\u00e4lt keine Familiendokumente sowie keine weiteren Angaben zu lebenden Personen. Der Band 4 enth\u00e4lt Anmerkungen, Namensverzeichnisse und Quellenangaben, sowie die Ahnentafeln Gaastra und Mainzinger. Der aktuelle Forschungsstand ist in\u2026","rel":"","context":"In \"Ahnentafel\"","block_context":{"text":"Ahnentafel","link":"https:\/\/dirkpeters.info\/?tag=ahnentafel"},"img":{"alt_text":"Ahnentafel Band 1","src":"..\/wp-content\/uploads\/2017\/05\/ahnentafel_bd_1-212x300.jpg","width":350,"height":200},"classes":[]},{"id":363,"url":"https:\/\/dirkpeters.info\/?page_id=363","url_meta":{"origin":422,"position":3},"title":"Meine genealogische Bibliothek","author":"dirkpeters","date":"9. Mai 2017","format":false,"excerpt":"In drei\u00dfig Jahren Familienforschung hat sich so einiges in meiner Bibliothek angesammelt. Gerne gebe ich bei Anfragen Auskunft, Scans oder Kopien mache ich allerdings aus R\u00fccksicht auf die B\u00fccher nicht. Da ich nicht st\u00e4ndig zu Hause bin, kann es eine Weile dauern bis Anfragen beantwortet werden, ich bitte daher notfalls\u2026","rel":"","context":"In \"B\u00fccher\"","block_context":{"text":"B\u00fccher","link":"https:\/\/dirkpeters.info\/?tag=buecher"},"img":{"alt_text":"","src":"","width":0,"height":0},"classes":[]},{"id":748,"url":"https:\/\/dirkpeters.info\/?page_id=748","url_meta":{"origin":422,"position":4},"title":"Pommersche Lebensbilder","author":"dirkpeters","date":"12. Mai 2017","format":false,"excerpt":"Pommersche Lebensbilder, herausgegeben von der Landesgeschichtlichen Forschungstelle (Historischen Kommission) f\u00fcr Pommern, Bde. 1 \u2013 3, Verlag Leon Sauniers Buchhandlung, Stettin 1934 \u20131939 Band 1 Band 2 Band 3 Arndt, Ernst Moritz Benzmann, Hans v. Beseler, Hans Billroth, Theodor v. Bismarck, Johanna, geb. v. Puttkamer Clausius, Rudolf Dohrn, Anton Droysen, Johann\u2026","rel":"","context":"In \"Biographie\"","block_context":{"text":"Biographie","link":"https:\/\/dirkpeters.info\/?tag=biographie"},"img":{"alt_text":"","src":"","width":0,"height":0},"classes":[]},{"id":385,"url":"https:\/\/dirkpeters.info\/?page_id=385","url_meta":{"origin":422,"position":5},"title":"Meine Genealogische Bibliothek &#8211; Familiengeschichten","author":"dirkpeters","date":"10. Mai 2017","format":false,"excerpt":"Alten: Geschichte des Geschlechts von Alten 1182-1982 - W\u00e4tjen, Hans - Wolfsburg, 1981 Behr: Urkunden und Forschungen zur Geschichte des Geschlechts Behr G\u00fctzkower Linie - Bd VII - Behr, Marcelle und Fritz von - Selbstverlag Berger: Ahnenliste Berger - Ein Geschlecht aus dem Verwandtschaftskreis des Rudolf Stoye - Berger, Thomas\u2026","rel":"","context":"In \"B\u00fccher\"","block_context":{"text":"B\u00fccher","link":"https:\/\/dirkpeters.info\/?tag=buecher"},"img":{"alt_text":"","src":"","width":0,"height":0},"classes":[]}],"jetpack_sharing_enabled":true,"jetpack_likes_enabled":true,"_links":{"self":[{"href":"https:\/\/dirkpeters.info\/index.php?rest_route=\/wp\/v2\/pages\/422","targetHints":{"allow":["GET"]}}],"collection":[{"href":"https:\/\/dirkpeters.info\/index.php?rest_route=\/wp\/v2\/pages"}],"about":[{"href":"https:\/\/dirkpeters.info\/index.php?rest_route=\/wp\/v2\/types\/page"}],"author":[{"embeddable":true,"href":"https:\/\/dirkpeters.info\/index.php?rest_route=\/wp\/v2\/users\/1"}],"replies":[{"embeddable":true,"href":"https:\/\/dirkpeters.info\/index.php?rest_route=%2Fwp%2Fv2%2Fcomments&post=422"}],"version-history":[{"count":6,"href":"https:\/\/dirkpeters.info\/index.php?rest_route=\/wp\/v2\/pages\/422\/revisions"}],"predecessor-version":[{"id":428,"href":"https:\/\/dirkpeters.info\/index.php?rest_route=\/wp\/v2\/pages\/422\/revisions\/428"}],"up":[{"embeddable":true,"href":"https:\/\/dirkpeters.info\/index.php?rest_route=\/wp\/v2\/pages\/123"}],"wp:attachment":[{"href":"https:\/\/dirkpeters.info\/index.php?rest_route=%2Fwp%2Fv2%2Fmedia&parent=422"}],"curies":[{"name":"wp","href":"https:\/\/api.w.org\/{rel}","templated":true}]}}