{"id":397,"date":"2017-05-10T18:27:47","date_gmt":"2017-05-10T16:27:47","guid":{"rendered":"http:\/\/test.dirkpeters.net\/?page_id=397"},"modified":"2022-09-30T20:31:16","modified_gmt":"2022-09-30T18:31:16","slug":"meine-genealogische-bibliothek-zeitschriften","status":"publish","type":"page","link":"https:\/\/dirkpeters.info\/?page_id=397","title":{"rendered":"Meine genealogische Bibliothek &#8211; Zeitschriften und Jahrb\u00fccher"},"content":{"rendered":"<ul>\n<li><strong>AMF<\/strong>\n<ul>\n<li>Mitteldeutsche Familiengeschichte, Bd. V. 1976-1979<\/li>\n<li>Zeitschrift f\u00fcr Mitteldeutsche Familiengeschichte, seit 2008<\/li>\n<\/ul>\n<\/li>\n<li><strong>BGG<\/strong>\n<ul>\n<li>Brandenburgische Genealogische Nachrichten ab 2006<\/li>\n<li>Brandenburgisches Genealogisches Jahrbuch ab Bd. 1<\/li>\n<\/ul>\n<\/li>\n<li><strong>Compgen<\/strong>\n<ul>\n<li>Computergenealogie, 2005 \u2013 2014<\/li>\n<\/ul>\n<\/li>\n<li><strong>Pommerscher Greif<\/strong>\n<ul>\n<li>Sedina Archiv ab 2014<\/li>\n<\/ul>\n<\/li>\n<li><strong>Verein f\u00fcr mecklenburgische Familien- und Personengeschichte e. V.<\/strong>\n<ul>\n<li>Mitteilungen des Vereins f\u00fcr mecklenburgische Familien- und Personengeschichte e. V. ab 2015<\/li>\n<\/ul>\n<\/li>\n<li><strong>Herold<\/strong>\n<ul>\n<li>Der Deutsche Herold, Zeitschrift f\u00fcr Wappen-, Siegel- und Familienkunde, Gesamtregister Jahrgang 1- 25 \u2013 Gritzner, Maximilian<\/li>\n<li>Der Deutsche Herold 1928, Zeitschrift f\u00fcr Wappen-, Siegel- und Familienkunde<\/li>\n<li>Der Herold \u2013 Vierteljahrsschrift f\u00fcr Wappen-, Siegel- und Familienkunde 1929 \u2013 1930<\/li>\n<li>Der Herold \u2013 Neue Folge der Vierteljahrsschrift des Herold 1943<\/li>\n<li>Der Herold \u2013 Vierteljahrsschrift f\u00fcr Heraldik, Genealogie und verwandte Wissenschaften \u2013 NF \u2013 1993 \u2013 1994<\/li>\n<li>Der Herold \u2013 Vierteljahrsschrift f\u00fcr Heraldik, Genealogie und verwandte Wissenschaften \u2013 NF \u2013 1997 \u2013 1999<\/li>\n<li>Der Herold \u2013 Vierteljahrsschrift f\u00fcr Heraldik, Genealogie und verwandte Wissenschaften \u2013 NF \u2013 ab 2006 bis heute<\/li>\n<li>Herold-Jahrbuch, Neue Folge, Bde. 1 \u2013 20<\/li>\n<\/ul>\n<\/li>\n<li><strong>Landesgeschichtliche Vereinigung f\u00fcr die Mark Brandenburg e. V.<\/strong><br \/>\nJahrbuch f\u00fcr Brandenburgische Landesgeschichte<br \/>Bd. 68 (2017), Bd. 72 (2021)\n\t<\/li>\n<li><strong>Sonstiges<\/strong>\n<ul>\n<li>Archiv f\u00fcr Sippenforschung\n<ul>\n<li>27. Jg. 1961 Heft 2-4<\/li>\n<li>29. Jg. 1963 Heft 11<\/li>\n<li>30. Jg. 1964 Heft 16<\/li>\n<li>31. Jg. 1965 Heft 17-20<\/li>\n<li>32. Jg. 1966 Heft 21, 22, 24<\/li>\n<li>33. Jg. 1967 Heft 24, 26<\/li>\n<li>36. Jg. 1970 Heft 37<\/li>\n<\/ul>\n<\/li>\n<li>Genealogie (Familie und Volk) 1952 \u2013 1985<\/li>\n<li>De Nederlandsche Leeuw 1883 \u2013 2008 komplett<\/li>\n<\/ul>\n<\/li>\n<\/ul>\n<p><a href=\"?page_id=363\"><strong>zur\u00fcck zur Bibliotheks\u00fcbersicht<\/strong><\/a><\/p>\n","protected":false},"excerpt":{"rendered":"<p>AMF Mitteldeutsche Familiengeschichte, Bd. V. 1976-1979 Zeitschrift f\u00fcr Mitteldeutsche Familiengeschichte, seit 2008 BGG Brandenburgische Genealogische Nachrichten ab 2006 Brandenburgisches Genealogisches Jahrbuch ab Bd. 1 Compgen Computergenealogie, 2005 \u2013 2014 Pommerscher<\/p>\n<div><a href=\"https:\/\/dirkpeters.info\/?page_id=397\" class=\"exp-read-more exp-read-more-underlined\">Read More<\/a><\/div>\n","protected":false},"author":1,"featured_media":0,"parent":363,"menu_order":0,"comment_status":"closed","ping_status":"closed","template":"","meta":{"jetpack_post_was_ever_published":false,"footnotes":"","_links_to":"","_links_to_target":""},"class_list":["post-397","page","type-page","status-publish","hentry"],"jetpack_shortlink":"https:\/\/wp.me\/P8HCXc-6p","jetpack-related-posts":[{"id":123,"url":"https:\/\/dirkpeters.info\/?page_id=123","url_meta":{"origin":397,"position":0},"title":"Service","author":"dirkpeters","date":"6. Mai 2017","format":false,"excerpt":"A Adel im Netz Ahnenlisten aus dem Ahnenlistenumlauf, 21 Microfilmrollen Ahnenreihen aus allen Deutschen Gauen Ahnenreihenwerk Geschwister Fischer Die Ahnenstammkartei des deutschen Volkes: Teil I, gesamt 638 Mikrofilmrollen Die Ahnenstammkartei des deutschen Volkes: Teil II, Ahnenlisten, gesamt 576 Mikrofilmrollen Ahnentafel Peters Akten des preu\u00df. Heroldsamtes Altpreu\u00dfische Geschlechterkunde Armorial et nobiliaire\u2026","rel":"","context":"In \"Links\"","block_context":{"text":"Links","link":"https:\/\/dirkpeters.info\/?tag=links"},"img":{"alt_text":"","src":"","width":0,"height":0},"classes":[]},{"id":373,"url":"https:\/\/dirkpeters.info\/?page_id=373","url_meta":{"origin":397,"position":1},"title":"Meine Genealogische Bibliothek \u2013 Ahnenreihen, Stammlisten, Ortsfamilienb\u00fccher","author":"dirkpeters","date":"10. Mai 2017","format":false,"excerpt":"Ahnen zu Karl dem Grossen und Widukind in 765 Ahnenst\u00e4mmen - Winkhaus, Eberhard; Selbstverlag Ennepetal-Altenvoerde 1950 Ahnenreihen aus allen deutschen Gauen Bde. 1 - 4 - Ehrenkrook, Hans Friedrich v. - C. A. Starke Verlag, Verzeichnis der Ahnenreihen Ahnen und Enkel, Bd. 1, Sammlung von Ahnen- und Nachkommenlisten - Euler,\u2026","rel":"","context":"In \"Ahnenreihen\"","block_context":{"text":"Ahnenreihen","link":"https:\/\/dirkpeters.info\/?tag=ahnenreihen"},"img":{"alt_text":"","src":"https:\/\/i0.wp.com\/dirkpeters.info\/wp-content\/uploads\/2019\/09\/es.jpg?resize=350%2C200&ssl=1","width":350,"height":200},"classes":[]},{"id":366,"url":"https:\/\/dirkpeters.info\/?page_id=366","url_meta":{"origin":397,"position":2},"title":"Meine Genealogische Bibliothek &#8211; Sammelwerke","author":"dirkpeters","date":"9. Mai 2017","format":false,"excerpt":"Deutsches Geschlechterbuch Bde. 1-87 (CD's) - C. A. Starke Verlag Genealogisches Handbuch des Adels Reihe - C. A. Starke Verlag Adelige H\u00e4user A Bde. 1 - 8, 12, 14, 18 Adelige H\u00e4user B Bd. 1 Adelige H\u00e4user Bde. 34 - 36 Freiherrliche H\u00e4user A Bde. 1 - 6, 12 Freiherrliche\u2026","rel":"","context":"In \"B\u00fccher\"","block_context":{"text":"B\u00fccher","link":"https:\/\/dirkpeters.info\/?tag=buecher"},"img":{"alt_text":"","src":"","width":0,"height":0},"classes":[]},{"id":394,"url":"https:\/\/dirkpeters.info\/?page_id=394","url_meta":{"origin":397,"position":3},"title":"Meine genealogische Bibliothek &#8211; Sonstiges","author":"dirkpeters","date":"10. Mai 2017","format":false,"excerpt":"Ahnentafeln Paderborner Domherren - Michels, Paul - Bonifatius - Paderborn, 1966 Der Paderborner Stiftsadel zur Mitte des 15. Jahrhunderts - Lagers, Michael - Bonifatius - Paderborn, 2013 Der langsame Aufstieg des Morgensterns von Wittenberg -Eine Studie und eine Erz\u00e4hlung \u00fcber die Herkunft der Katharina von Bora - Liebehenschel, Wolfgang -\u2026","rel":"","context":"In \"B\u00fccher\"","block_context":{"text":"B\u00fccher","link":"https:\/\/dirkpeters.info\/?tag=buecher"},"img":{"alt_text":"","src":"","width":0,"height":0},"classes":[]},{"id":390,"url":"https:\/\/dirkpeters.info\/?page_id=390","url_meta":{"origin":397,"position":4},"title":"Meine Genealogische Bibliothek \u2013 Regionales","author":"dirkpeters","date":"10. Mai 2017","format":false,"excerpt":"Brandenburg Biographisches Handbuch der preussischen Verwaltungs- und Justizbeamten 1740-1806\/15 - Straubel, Rolf - K.G.Saur 2009; Einzelver\u00f6ffentlichung der Historischen Kommission zu Berlin, Band 85 Der B\u00fcrger- und Einwohnerkataster der Stadt Spandau von 1723 - Pohl, Joachim - Degener & Co Der Eisenbahnabschnitt Erkner - Frankfurt (Oder) Geschichte und Personal 1842-1990 -\u2026","rel":"","context":"In \"B\u00fccher\"","block_context":{"text":"B\u00fccher","link":"https:\/\/dirkpeters.info\/?tag=buecher"},"img":{"alt_text":"","src":"","width":0,"height":0},"classes":[]},{"id":363,"url":"https:\/\/dirkpeters.info\/?page_id=363","url_meta":{"origin":397,"position":5},"title":"Meine genealogische Bibliothek","author":"dirkpeters","date":"9. Mai 2017","format":false,"excerpt":"In drei\u00dfig Jahren Familienforschung hat sich so einiges in meiner Bibliothek angesammelt. Gerne gebe ich bei Anfragen Auskunft, Scans oder Kopien mache ich allerdings aus R\u00fccksicht auf die B\u00fccher nicht. Da ich nicht st\u00e4ndig zu Hause bin, kann es eine Weile dauern bis Anfragen beantwortet werden, ich bitte daher notfalls\u2026","rel":"","context":"In \"B\u00fccher\"","block_context":{"text":"B\u00fccher","link":"https:\/\/dirkpeters.info\/?tag=buecher"},"img":{"alt_text":"","src":"","width":0,"height":0},"classes":[]}],"jetpack_sharing_enabled":true,"jetpack_likes_enabled":true,"_links":{"self":[{"href":"https:\/\/dirkpeters.info\/index.php?rest_route=\/wp\/v2\/pages\/397","targetHints":{"allow":["GET"]}}],"collection":[{"href":"https:\/\/dirkpeters.info\/index.php?rest_route=\/wp\/v2\/pages"}],"about":[{"href":"https:\/\/dirkpeters.info\/index.php?rest_route=\/wp\/v2\/types\/page"}],"author":[{"embeddable":true,"href":"https:\/\/dirkpeters.info\/index.php?rest_route=\/wp\/v2\/users\/1"}],"replies":[{"embeddable":true,"href":"https:\/\/dirkpeters.info\/index.php?rest_route=%2Fwp%2Fv2%2Fcomments&post=397"}],"version-history":[{"count":6,"href":"https:\/\/dirkpeters.info\/index.php?rest_route=\/wp\/v2\/pages\/397\/revisions"}],"predecessor-version":[{"id":4161,"href":"https:\/\/dirkpeters.info\/index.php?rest_route=\/wp\/v2\/pages\/397\/revisions\/4161"}],"up":[{"embeddable":true,"href":"https:\/\/dirkpeters.info\/index.php?rest_route=\/wp\/v2\/pages\/363"}],"wp:attachment":[{"href":"https:\/\/dirkpeters.info\/index.php?rest_route=%2Fwp%2Fv2%2Fmedia&parent=397"}],"curies":[{"name":"wp","href":"https:\/\/api.w.org\/{rel}","templated":true}]}}