{"id":385,"date":"2017-05-10T18:09:32","date_gmt":"2017-05-10T16:09:32","guid":{"rendered":"http:\/\/test.dirkpeters.net\/?page_id=385"},"modified":"2020-02-03T21:03:33","modified_gmt":"2020-02-03T20:03:33","slug":"meine-genealogische-bibliothek-familiengeschichten","status":"publish","type":"page","link":"https:\/\/dirkpeters.info\/?page_id=385","title":{"rendered":"Meine Genealogische Bibliothek &#8211; Familiengeschichten"},"content":{"rendered":"\n<ul>\n<li><strong>Alten:<\/strong> Geschichte des Geschlechts von Alten 1182-1982 \u2013 W\u00e4tjen, Hans \u2013 Wolfsburg, 1981<\/li>\n<li><strong>Behr:<\/strong> Urkunden und Forschungen zur Geschichte des Geschlechts Behr G\u00fctzkower Linie \u2013 Bd VII \u2013 Behr, Marcelle und Fritz von \u2013 Selbstverlag<\/li>\n<li><strong>Berger:<\/strong> Ahnenliste Berger \u2013 Ein Geschlecht aus dem Verwandtschaftskreis des Rudolf Stoye \u2013 Berger, Thomas \u2013 Stiftung Stoye<\/li>\n<li><strong>Bockelberg:<\/strong> Die Familie von Bockelberg \u2013 Vollard-Bockelberg, Emil und Alfred von \u2013<\/li>\n<li><strong>Brackel:<\/strong> Das Geschlecht von Brackel \u2013 Brackel, Peter von \u2013 Baltische Ahnen- und Stammtafeln, Sonderheft 23<\/li>\n<li><strong>Burgsdorff:<\/strong> Die Herren von Burgsdorff, Lebensbilder aus sieben Jahrhunderten \u2013 Gal\u00e9ra, Karl Siegmar Baron v. \u2013 Degener & Co<\/li>\n<li><strong>Erffa:<\/strong> Das Adelsgeschlecht von Erffa \u2013 Brumme, Franz \u2013 Harald Rockstuhl<\/li>\n<li><strong>Heydebreck:<\/strong> 750 Jahre Heydebrecks \u2013 Die Familie von Heydebreck vom Mittelalter bis heute 1254-2004 \u2013 Bill, Claus Heinrich; Heydebreck, Hans Georg von \u2013 C. A. Starke Verlag 2004<\/li>\n<li><strong>Lepel:<\/strong> Historisch-Genealogisches Handbuch der Familie von Lepel (Lepell) \u2013 Hansert, Andreas und Lepel, Oskar Matthias Freiherr von \u2013 Degener & Co<\/li>\n<li><strong>Lettow-Vorbeck:<\/strong> Beitr\u00e4ge zur Geschichte des Geschlechts von Lettow-Vorbeck \u2013 Lettow, Hermann von \u2013 Stolp<\/li>\n<li><strong>Oertzen:<\/strong> Urkundliche Geschichte des Geschlechts von Oertzen \u2013 Teil II \u2013 Lisch, Georg Christian Friedrich \u2013 Adamant Media Corporation<\/li>\n<li><strong>Plessen:<\/strong> Die Plessen, Stammfolge vom XIII. bis XX. Jahrhundert \u2013 Naumann, M. \u2013 C. A. Starke Verlag 1971<\/li>\n<li><strong>Plotho:<\/strong> Ritter, Domherren und Obristen \u2013 Familienchronik der Edlen Herren und Freiherrn von Plotho \u2013 Erich-Christoph Freiherr von Plotho \u2013 C. A. Starke Verlag<\/li>\n<li><strong>Raumer:<\/strong> Die Geschichte der Familie von Raumer: \u2013 Raumer, Dr. Hermann von \u2013 Degener & Co.<\/li>\n<li><strong>Restorff:<\/strong> Beitr\u00e4ge zu einer Familie der Geschichte von Restorff \u2013 Teil 1: \u2013 Stutterheim, Eckart von \u2013 Selbstverlag<\/li>\n<li><strong>Seybert:<\/strong> Familienchronik des Pfarrers Friedrich Seybert (1865-1955) \u2013 Wachtmann, Dr. Klaus H. \u2013 2 Bde. BoD 2015-2017<\/li>\n<li><strong>Stechow:<\/strong> Die Stechows und ihre Zeit \u2013 Stechow, Friedrich-Carl Frhr. Von \u2013 Degener & Co<\/li>\n<li><strong>Stechow:<\/strong> Nachlese zu Die Stechows und ihre Zeit \u2013 Stechow, Friedrich-Carl Frhr. Von \u2013 Degener & Co<\/li>\n<li><strong>Steinlin:<\/strong> Die Vorfahren der Familie Steinlin von St. Gallen \u2013 4 Bde. \u2013 Steinlin, Uli. W. \u2013 Degener & Co<\/li>\n<li><strong>Tossunus:<\/strong> Tossanus \u2013 Eine Gelehrtenfamilie in Heidelberg und der Kurpfalz \u2013 Rudolph, Martin \u2013 Degener & Co<\/li>\n<li><strong>Vietinghoff:<\/strong> Familiengeschichte des Geschlechts der Freiherren, Barone und Herren v.Vitinghoff, v.Vietinghoff und v.Schell, 1. Band \u2013 Vietinghoff \u2013 Scheel, Gerhard v. \u2013 Selbstverlag<\/li>\n<li><strong>Zieten:<\/strong> Die Familie von Zieten \u2013 Stammfolgen und biographische Nachrichten \u2013 Hans-Joachim v. Berkholz \u2013 C. A. Starke Verlag<\/li>\n<\/ul>\n<p><a href=\"?page_id=363\"><strong>zur\u00fcck zur Bibliotheks\u00fcbersicht<\/strong><\/a><\/p>\n","protected":false},"excerpt":{"rendered":"<p>Alten: Geschichte des Geschlechts von Alten 1182-1982 \u2013 W\u00e4tjen, Hans \u2013 Wolfsburg, 1981 Behr: Urkunden und Forschungen zur Geschichte des Geschlechts Behr G\u00fctzkower Linie \u2013 Bd VII \u2013 Behr, Marcelle<\/p>\n<div><a href=\"https:\/\/dirkpeters.info\/?page_id=385\" class=\"exp-read-more exp-read-more-underlined\">Read More<\/a><\/div>\n","protected":false},"author":1,"featured_media":0,"parent":363,"menu_order":0,"comment_status":"closed","ping_status":"closed","template":"","meta":{"jetpack_post_was_ever_published":false,"footnotes":"","_links_to":"","_links_to_target":""},"class_list":["post-385","page","type-page","status-publish","hentry"],"jetpack_shortlink":"https:\/\/wp.me\/P8HCXc-6d","jetpack-related-posts":[{"id":3836,"url":"https:\/\/dirkpeters.info\/?page_id=3836","url_meta":{"origin":385,"position":0},"title":"Familiengeschichen und Ahnenlisten b\u00fcrgerlicher Familien","author":"dirkpeters","date":"20. Juli 2020","format":false,"excerpt":"A | B | C | D | E | F | G | H | I | J | K | L | M | N | O | P | Q | R | S | T | U | V | W | Z | nach oben\u2026","rel":"","context":"In \"Ahnenforschung\"","block_context":{"text":"Ahnenforschung","link":"https:\/\/dirkpeters.info\/?tag=ahnenforschung"},"img":{"alt_text":"","src":"","width":0,"height":0},"classes":[]},{"id":363,"url":"https:\/\/dirkpeters.info\/?page_id=363","url_meta":{"origin":385,"position":1},"title":"Meine genealogische Bibliothek","author":"dirkpeters","date":"9. Mai 2017","format":false,"excerpt":"In drei\u00dfig Jahren Familienforschung hat sich so einiges in meiner Bibliothek angesammelt. Gerne gebe ich bei Anfragen Auskunft, Scans oder Kopien mache ich allerdings aus R\u00fccksicht auf die B\u00fccher nicht. Da ich nicht st\u00e4ndig zu Hause bin, kann es eine Weile dauern bis Anfragen beantwortet werden, ich bitte daher notfalls\u2026","rel":"","context":"In \"B\u00fccher\"","block_context":{"text":"B\u00fccher","link":"https:\/\/dirkpeters.info\/?tag=buecher"},"img":{"alt_text":"","src":"","width":0,"height":0},"classes":[]},{"id":394,"url":"https:\/\/dirkpeters.info\/?page_id=394","url_meta":{"origin":385,"position":2},"title":"Meine genealogische Bibliothek &#8211; Sonstiges","author":"dirkpeters","date":"10. Mai 2017","format":false,"excerpt":"Ahnentafeln Paderborner Domherren - Michels, Paul - Bonifatius - Paderborn, 1966 Der Paderborner Stiftsadel zur Mitte des 15. Jahrhunderts - Lagers, Michael - Bonifatius - Paderborn, 2013 Der langsame Aufstieg des Morgensterns von Wittenberg -Eine Studie und eine Erz\u00e4hlung \u00fcber die Herkunft der Katharina von Bora - Liebehenschel, Wolfgang -\u2026","rel":"","context":"In \"B\u00fccher\"","block_context":{"text":"B\u00fccher","link":"https:\/\/dirkpeters.info\/?tag=buecher"},"img":{"alt_text":"","src":"","width":0,"height":0},"classes":[]},{"id":380,"url":"https:\/\/dirkpeters.info\/?page_id=380","url_meta":{"origin":385,"position":3},"title":"Meine Genealogische Bibliothek \u2013 Europ\u00e4ische Stammtafeln","author":"dirkpeters","date":"10. Mai 2017","format":false,"excerpt":"Europ\u00e4ische Stammtafeln - Stammtafeln zur Geschichte der Europ\u00e4ischen Staaten - Frank Baron Freytag von Loringhoven Bd. I - Die deutschen Staaten (J. A. Stargardt, Marburg, 1960) Bd. II - Die au\u00dferdeutschen Staaten (J. A. Stargardt, Marburg, 1960) Bd. IV - Standesherrliche H\u00e4user I (J. A. Stargardt, Marburg, 1968) Detlev Schwennicke:\u2026","rel":"","context":"In \"Adel\"","block_context":{"text":"Adel","link":"https:\/\/dirkpeters.info\/?tag=adel"},"img":{"alt_text":"","src":"https:\/\/i0.wp.com\/dirkpeters.info\/wp-content\/uploads\/2019\/03\/ESI-II-2.jpg?resize=350%2C200&ssl=1","width":350,"height":200,"srcset":"https:\/\/i0.wp.com\/dirkpeters.info\/wp-content\/uploads\/2019\/03\/ESI-II-2.jpg?resize=350%2C200&ssl=1 1x, https:\/\/i0.wp.com\/dirkpeters.info\/wp-content\/uploads\/2019\/03\/ESI-II-2.jpg?resize=525%2C300&ssl=1 1.5x, https:\/\/i0.wp.com\/dirkpeters.info\/wp-content\/uploads\/2019\/03\/ESI-II-2.jpg?resize=700%2C400&ssl=1 2x"},"classes":[]},{"id":131,"url":"https:\/\/dirkpeters.info\/?page_id=131","url_meta":{"origin":385,"position":4},"title":"Familien\u00fcbergreifende Reihen und B\u00fccher","author":"dirkpeters","date":"6. Mai 2017","format":false,"excerpt":"Links zu B\u00fcchern und Reihen, die familien\u00fcbergreifende Informationen bzw. Informationen zu mehreren Familien enthalten.Das Herunterladen von B\u00fcchern bei Google, die nach 1870 erschienen sind funktioniert nur \u00fcber einen amerikanischen Proxy bzw. das Firefox-Addon googlesharing. Das eingeschaltete Browsen simuliert nun die Suche als US-B\u00fcrger und erm\u00f6glicht im Gesamtergebnis zuverl\u00e4ssig einige Downloads\u2026","rel":"","context":"\u00c4hnlicher Beitrag","block_context":{"text":"\u00c4hnlicher Beitrag","link":""},"img":{"alt_text":"","src":"","width":0,"height":0},"classes":[]},{"id":123,"url":"https:\/\/dirkpeters.info\/?page_id=123","url_meta":{"origin":385,"position":5},"title":"Service","author":"dirkpeters","date":"6. Mai 2017","format":false,"excerpt":"A Adel im Netz Ahnenlisten aus dem Ahnenlistenumlauf, 21 Microfilmrollen Ahnenreihen aus allen Deutschen Gauen Ahnenreihenwerk Geschwister Fischer Die Ahnenstammkartei des deutschen Volkes: Teil I, gesamt 638 Mikrofilmrollen Die Ahnenstammkartei des deutschen Volkes: Teil II, Ahnenlisten, gesamt 576 Mikrofilmrollen Ahnentafel Peters Akten des preu\u00df. Heroldsamtes Altpreu\u00dfische Geschlechterkunde Armorial et nobiliaire\u2026","rel":"","context":"In \"Links\"","block_context":{"text":"Links","link":"https:\/\/dirkpeters.info\/?tag=links"},"img":{"alt_text":"","src":"","width":0,"height":0},"classes":[]}],"jetpack_sharing_enabled":true,"jetpack_likes_enabled":true,"_links":{"self":[{"href":"https:\/\/dirkpeters.info\/index.php?rest_route=\/wp\/v2\/pages\/385","targetHints":{"allow":["GET"]}}],"collection":[{"href":"https:\/\/dirkpeters.info\/index.php?rest_route=\/wp\/v2\/pages"}],"about":[{"href":"https:\/\/dirkpeters.info\/index.php?rest_route=\/wp\/v2\/types\/page"}],"author":[{"embeddable":true,"href":"https:\/\/dirkpeters.info\/index.php?rest_route=\/wp\/v2\/users\/1"}],"replies":[{"embeddable":true,"href":"https:\/\/dirkpeters.info\/index.php?rest_route=%2Fwp%2Fv2%2Fcomments&post=385"}],"version-history":[{"count":7,"href":"https:\/\/dirkpeters.info\/index.php?rest_route=\/wp\/v2\/pages\/385\/revisions"}],"predecessor-version":[{"id":3664,"href":"https:\/\/dirkpeters.info\/index.php?rest_route=\/wp\/v2\/pages\/385\/revisions\/3664"}],"up":[{"embeddable":true,"href":"https:\/\/dirkpeters.info\/index.php?rest_route=\/wp\/v2\/pages\/363"}],"wp:attachment":[{"href":"https:\/\/dirkpeters.info\/index.php?rest_route=%2Fwp%2Fv2%2Fmedia&parent=385"}],"curies":[{"name":"wp","href":"https:\/\/api.w.org\/{rel}","templated":true}]}}

<ul>
<li><strong>Alten:</strong> Geschichte des Geschlechts von Alten 1182-1982 – Wätjen, Hans – Wolfsburg, 1981</li>
<li><strong>Behr:</strong> Urkunden und Forschungen zur Geschichte des Geschlechts Behr Gützkower Linie – Bd VII – Behr, Marcelle und Fritz von – Selbstverlag</li>
<li><strong>Berger:</strong> Ahnenliste Berger – Ein Geschlecht aus dem Verwandtschaftskreis des Rudolf Stoye – Berger, Thomas – Stiftung Stoye</li>
<li><strong>Bockelberg:</strong> Die Familie von Bockelberg – Vollard-Bockelberg, Emil und Alfred von –</li>
<li><strong>Brackel:</strong> Das Geschlecht von Brackel – Brackel, Peter von – Baltische Ahnen- und Stammtafeln, Sonderheft 23</li>
<li><strong>Burgsdorff:</strong> Die Herren von Burgsdorff, Lebensbilder aus sieben Jahrhunderten – Galéra, Karl Siegmar Baron v. – Degener & Co</li>
<li><strong>Erffa:</strong> Das Adelsgeschlecht von Erffa – Brumme, Franz – Harald Rockstuhl</li>
<li><strong>Heydebreck:</strong> 750 Jahre Heydebrecks – Die Familie von Heydebreck vom Mittelalter bis heute 1254-2004 – Bill, Claus Heinrich; Heydebreck, Hans Georg von – C. A. Starke Verlag 2004</li>
<li><strong>Lepel:</strong> Historisch-Genealogisches Handbuch der Familie von Lepel (Lepell) – Hansert, Andreas und Lepel, Oskar Matthias Freiherr von – Degener & Co</li>
<li><strong>Lettow-Vorbeck:</strong> Beiträge zur Geschichte des Geschlechts von Lettow-Vorbeck – Lettow, Hermann von – Stolp</li>
<li><strong>Oertzen:</strong> Urkundliche Geschichte des Geschlechts von Oertzen – Teil II – Lisch, Georg Christian Friedrich – Adamant Media Corporation</li>
<li><strong>Plessen:</strong> Die Plessen, Stammfolge vom XIII. bis XX. Jahrhundert – Naumann, M. – C. A. Starke Verlag 1971</li>
<li><strong>Plotho:</strong> Ritter, Domherren und Obristen – Familienchronik der Edlen Herren und Freiherrn von Plotho – Erich-Christoph Freiherr von Plotho – C. A. Starke Verlag</li>
<li><strong>Raumer:</strong> Die Geschichte der Familie von Raumer: – Raumer, Dr. Hermann von – Degener & Co.</li>
<li><strong>Restorff:</strong> Beiträge zu einer Familie der Geschichte von Restorff – Teil 1: – Stutterheim, Eckart von – Selbstverlag</li>
<li><strong>Seybert:</strong> Familienchronik des Pfarrers Friedrich Seybert (1865-1955) – Wachtmann, Dr. Klaus H. – 2 Bde. BoD 2015-2017</li>
<li><strong>Stechow:</strong> Die Stechows und ihre Zeit – Stechow, Friedrich-Carl Frhr. Von – Degener & Co</li>
<li><strong>Stechow:</strong> Nachlese zu Die Stechows und ihre Zeit – Stechow, Friedrich-Carl Frhr. Von – Degener & Co</li>
<li><strong>Steinlin:</strong> Die Vorfahren der Familie Steinlin von St. Gallen – 4 Bde. – Steinlin, Uli. W. – Degener & Co</li>
<li><strong>Tossunus:</strong> Tossanus – Eine Gelehrtenfamilie in Heidelberg und der Kurpfalz – Rudolph, Martin – Degener & Co</li>
<li><strong>Vietinghoff:</strong> Familiengeschichte des Geschlechts der Freiherren, Barone und Herren v.Vitinghoff, v.Vietinghoff und v.Schell, 1. Band – Vietinghoff – Scheel, Gerhard v. – Selbstverlag</li>
<li><strong>Zieten:</strong> Die Familie von Zieten – Stammfolgen und biographische Nachrichten – Hans-Joachim v. Berkholz – C. A. Starke Verlag</li>
</ul>
<p><a href="?page_id=363"><strong>zurück zur Bibliotheksübersicht</strong></a></p>

<p>Alten: Geschichte des Geschlechts von Alten 1182-1982 – Wätjen, Hans – Wolfsburg, 1981 Behr: Urkunden und Forschungen zur Geschichte des Geschlechts Behr Gützkower Linie – Bd VII – Behr, Marcelle</p>
<div><a href="https://dirkpeters.info/?page_id=385" class="exp-read-more exp-read-more-underlined">Read More</a></div>

Familiengeschichen und Ahnenlisten bürgerlicher Familien

In dreißig Jahren Familienforschung hat sich so einiges in meiner Bibliothek angesammelt. Gerne gebe ich bei Anfragen Auskunft, Scans oder Kopien mache ich allerdings aus Rücksicht auf die Bücher nicht. Da ich nicht ständig zu Hause bin, kann es eine Weile dauern bis Anfragen beantwortet werden, ich bitte daher notfalls…

In "Bücher"

Bücher

Ahnentafeln Paderborner Domherren - Michels, Paul - Bonifatius - Paderborn, 1966 Der Paderborner Stiftsadel zur Mitte des 15. Jahrhunderts - Lagers, Michael - Bonifatius - Paderborn, 2013 Der langsame Aufstieg des Morgensterns von Wittenberg -Eine Studie und eine Erzählung über die Herkunft der Katharina von Bora - Liebehenschel, Wolfgang -…

Meine Genealogische Bibliothek – Europäische Stammtafeln

Europäische Stammtafeln - Stammtafeln zur Geschichte der Europäischen Staaten - Frank Baron Freytag von Loringhoven Bd. I - Die deutschen Staaten (J. A. Stargardt, Marburg, 1960) Bd. II - Die außerdeutschen Staaten (J. A. Stargardt, Marburg, 1960) Bd. IV - Standesherrliche Häuser I (J. A. Stargardt, Marburg, 1968) Detlev Schwennicke:…

Familienübergreifende Reihen und Bücher

Links zu Büchern und Reihen, die familienübergreifende Informationen bzw. Informationen zu mehreren Familien enthalten.Das Herunterladen von Büchern bei Google, die nach 1870 erschienen sind funktioniert nur über einen amerikanischen Proxy bzw. das Firefox-Addon googlesharing. Das eingeschaltete Browsen simuliert nun die Suche als US-Bürger und ermöglicht im Gesamtergebnis zuverlässig einige Downloads…

Ähnlicher Beitrag

A Adel im Netz Ahnenlisten aus dem Ahnenlistenumlauf, 21 Microfilmrollen Ahnenreihen aus allen Deutschen Gauen Ahnenreihenwerk Geschwister Fischer Die Ahnenstammkartei des deutschen Volkes: Teil I, gesamt 638 Mikrofilmrollen Die Ahnenstammkartei des deutschen Volkes: Teil II, Ahnenlisten, gesamt 576 Mikrofilmrollen Ahnentafel Peters Akten des preuß. Heroldsamtes Altpreußische Geschlechterkunde Armorial et nobiliaire…
