{"id":373,"date":"2017-05-10T17:54:02","date_gmt":"2017-05-10T15:54:02","guid":{"rendered":"http:\/\/test.dirkpeters.net\/?page_id=373"},"modified":"2020-03-17T22:15:25","modified_gmt":"2020-03-17T21:15:25","slug":"meine-genealogische-bibliothek-ahnenreihen-stammlisten-ortsfamilienbuecher","status":"publish","type":"page","link":"https:\/\/dirkpeters.info\/?page_id=373","title":{"rendered":"Meine Genealogische Bibliothek \u2013 Ahnenreihen, Stammlisten, Ortsfamilienb\u00fccher"},"content":{"rendered":"<div id=\"attachment_3551\" style=\"width: 358px\" class=\"wp-caption alignright\"><a href=\"https:\/\/i0.wp.com\/dirkpeters.info\/wp-content\/uploads\/2019\/09\/es.jpg?ssl=1\"><img data-recalc-dims=\"1\" loading=\"lazy\" decoding=\"async\" aria-describedby=\"caption-attachment-3551\" data-attachment-id=\"3551\" data-permalink=\"https:\/\/dirkpeters.info\/?attachment_id=3551\" data-orig-file=\"https:\/\/i0.wp.com\/dirkpeters.info\/wp-content\/uploads\/2019\/09\/es.jpg?fit=348%2C500&ssl=1\" data-orig-size=\"348,500\" data-comments-opened=\"1\" data-image-meta=\"{&quot;aperture&quot;:&quot;0&quot;,&quot;credit&quot;:&quot;&quot;,&quot;camera&quot;:&quot;&quot;,&quot;caption&quot;:&quot;&quot;,&quot;created_timestamp&quot;:&quot;0&quot;,&quot;copyright&quot;:&quot;&quot;,&quot;focal_length&quot;:&quot;0&quot;,&quot;iso&quot;:&quot;0&quot;,&quot;shutter_speed&quot;:&quot;0&quot;,&quot;title&quot;:&quot;&quot;,&quot;orientation&quot;:&quot;0&quot;}\" data-image-title=\"es\" data-image-description=\"\" data-image-caption=\"<p>Erz\u00e4hlende genealogische Stammtafeln zur europ\u00e4ischen Geschichte<\/p>\n\" data-large-file=\"https:\/\/i0.wp.com\/dirkpeters.info\/wp-content\/uploads\/2019\/09\/es.jpg?fit=348%2C500&ssl=1\" src=\"https:\/\/i0.wp.com\/dirkpeters.info\/wp-content\/uploads\/2019\/09\/es.jpg?resize=348%2C500&ssl=1\" alt=\"\" width=\"348\" height=\"500\" class=\"size-full wp-image-3551\" srcset=\"https:\/\/i0.wp.com\/dirkpeters.info\/wp-content\/uploads\/2019\/09\/es.jpg?w=348&ssl=1 348w, https:\/\/i0.wp.com\/dirkpeters.info\/wp-content\/uploads\/2019\/09\/es.jpg?resize=209%2C300&ssl=1 209w\" sizes=\"auto, (max-width: 348px) 100vw, 348px\" \/><\/a><p id=\"caption-attachment-3551\" class=\"wp-caption-text\">Erz\u00e4hlende genealogische Stammtafeln zur europ\u00e4ischen Geschichte<\/p><\/div>\n<ul>\n<li>Ahnen zu Karl dem Grossen und Widukind in 765 Ahnenst\u00e4mmen \u2013 Winkhaus, Eberhard; Selbstverlag Ennepetal-Altenvoerde 1950<\/li>\n<li>Ahnenreihen aus allen deutschen Gauen Bde. 1 \u2013 4 \u2013 Ehrenkrook, Hans Friedrich v. \u2013 C. A. Starke Verlag, <strong><a href=\"?page_id=422\">Verzeichnis der Ahnenreihen<\/a><\/strong><\/li>\n<li>Ahnen und Enkel, Bd. 1, Sammlung von Ahnen- und Nachkommenlisten \u2013 Euler, Friedrich Wilhelm (Bearbeiter); C. A. Starke 1955-1959<\/li>\n<li>Ahnen und Enkel, Bd. 3, Das neue Luther-Nachkommenbuch \u2013 Schmidt, Ludwig (Bearbeiter); C. A. Starke 1960<\/li>\n<li>Ahnen und Enkel, Bd. 4, Ernst Freiherr von Gemmingen-Hornberg und Sophie Freiin von Degenfeld, Ahnen und Nachkommen \u2013 Euler, Friedrich Wilhelm (Bearbeiter); C. A. Starke 1967<\/li>\n<li>Ahnen und Enkel, Bd. 5, Ernst Freiherr von Ellrichshausen und Mathilde Gr\u00e4fin von Beroldingen, Ahnen und Nachkommen \u2013 Euler, Friedrich Wilhelm (Bearbeiter); C. A. Starke 1971<\/li>\n<li>Ausgew\u00e4hlte Ahnentafeln der EDDA (Eisernes Buch Deutschen Adels Deutscher Art) \u2013 Houwald, Freiherr von (Herausgeber) \u2013 Justus Perthes, Gotha, <strong><a href=\"?page_id=1095\">Verzeichnis der Ahnenreihen<\/a><\/strong>\n<ul>\n<li>Bd. I \u2013 1925<\/li>\n<li>Bd. II \u2013 1929<\/li>\n<\/ul>\n<\/li>\n<li>B\u00f6hmische Adelsfamilien \u2013 Proch\u00e1zka, Roman Freiherr von \u2013 Verlag Degener & Co, Neustadt an der Aisch, 1969 & Erg\u00e4nzungsband <strong><a href=\"?p=510\">Familienverzeichnis<\/a><\/strong><\/li>\n<li>Britain\u2019s Royal Families \u2013 The complete genealogy \u2013 Weir, Alison \u2013 Pimlico<\/li>\n<li>Deutsche Ahnentafeln in Listenform Bde. 1 \u2013 2 \u2013 Wecken, Dr. Friedrich \u2013 Zentralstelle f\u00fcr Deutsche Personen- und Familiengeschichte e.V. Leipzig<\/li>\n<li>Deutsche Geschichte in Ahnentafeln Bde. 1 \u2013 2 \u2013 Banniza von Bazan, Heinrich; M\u00fcller, Richard \u2013 Alfred Metzner Verlag Berlin<\/li>\n<li>Die Ahnen der hochmittelalterlichen deutschen K\u00f6nige, Kaiser und ihrer Gemahlinnen \u2013 Ein kommentiertes Tafelwerk \u2013 Hlawitschka, Eduard \u2013 Hahnsche Buchhandlung<\/li>\n<li>Die Nachkommen Karls des Gro\u00dfen \u2013 Brandenburg, Erich \u2013 Faksimile-Nachdruck, Zentralstelle f\u00fcr deutsche Personen- und Familiengeschichte Frankfurt am Main 1964<\/li>\n<li>Erz\u00e4hlende genealogische Stammtafeln zur europ\u00e4ischen Geschichte \u2013 Thiele, Andreas \u2013 R. G. Fischer Verlag, <a href=\"?page_id=3633\">Inhaltsverzeichnis<\/a>\n<ul>\n<li>Band I, Teilbd. 1. Deutsche Kaiser-, K\u00f6nigs-, Herzogs- und Grafenh\u00e4user I, 4. Auflage 2003<\/li>\n<li>Band I, Teilbd. 2. Deutsche Kaiser-, K\u00f6nigs-, Herzogs- und Grafenh\u00e4user II, 3. Auflage 1997<\/li>\n<li>Band II, Europ\u00e4ische Kaiser-, K\u00f6nigs- und F\u00fcrstenh\u00e4user \/ Teilbd. 1. Westeuropa, 1. Auflage 1993<\/li>\n<li>Band III Europ\u00e4ische K\u00f6nigs- und F\u00fcrstenh\u00e4user \u2013 Erg\u00e4nzungsband, 2. Auflage 2001<\/li>\n<li>Band IV \u2013 Die Britische Peerage, ein Auszug, 1996<\/li>\n<\/ul>\n<\/li>\n<li>Familien aus Mecklenburg und Vorpommern, Bde. 1 \u2013 4, Beitr\u00e4ge zur norddeutschen Geschichte, 1000 Jahre Mecklenburg \u2013 Weltzien, Wolf L\u00fcdeke v. \u2013 Buch und Bild Verlag Nagold<\/li>\n<li>Familienbuch Gusow-Platkow \u2013 Baltzer, Horst \u2013 Leipzig, 2016, AMF MOFB Nr. 93<\/li>\n<li>Genealogie Regula, Stammfolge und Ahnenliste \u2013 Walter Regula \u2013 Verlag Degener & Co \u2013 2010<\/li>\n<li>G\u00c9N\u00c9ALOGIES. 30000 anc\u00eatres de Henri d\u2019Orl\u00e9ans comte de Paris (1908-1999) sur 41 g\u00e9n\u00e9rations et \u00e0 travers 1200 lignages \u2013 Andr\u00e9 de Moura \u2013 L\u2019Harmattan, Paris \u2013 2001<\/lI>\n<li>Geschlechter der Hansestadt Rostock im 13. \u2013 18. Jahrhundert\u2018 \u2013 Gerd M\u00f6hlmann \u2013 Verlag Degener & Co \u2013 <strong><a href=\"?p=1562\">Verzeichnis der Familiennamen<\/a><\/strong><\/li>\n<li>Geschlechtsregister des Hochadelichen Patriciats zu N\u00fcrnberg \u2013 Biedermann, Johann Gottfried \u2013 Verlag f\u00fcr Kunstreproduktionen Christoph Schmidt, Neustadt an der Aisch<\/li>\n<li>Nachfahren Philipp Melanchthons \u2013 Beuttenm\u00fcller, Otto; Bahn, Peter \u2013 Verlag Regionalkultur, Ubstadt-Weiher, 1997 \u2013 <strong><a href=\"?page_id=1130\">Verzeichnis der Familiennamen<\/a><\/strong><\/li>\n<li>Nachkommen Gorms des Alten (K\u00f6nig von D\u00e4nemark -936-) I.-XVI. Generation, Brenner, S. Otto \u2013 Dansk Historisk Haandbogsforlag \u2013 1978<\/li>\n<li>Ortsfamilienbuch Sch\u00f6nhagen Ostprignitz 1673-1803 \u2013 Wolter, Olaf \u2013 BGG-Verlag, Potsdam 2014<\/li>\n<li>Ortsfamilienbuch Schrepkow Ostprignitz 1744-1843 \u2013 Wolter, Olaf \u2013 BGG-Verlag, Potsdam 2012<\/li>\n<li>Ortsfamilienbuch Schillingstedt 1636-1848 \u2013 Peters, Dirk \u2013 Selbstverlag, Ketzin 2016<\/li>\n<li>Regentenlisten und Stammtafeln zur Geschichte Europas \u2013 Feldkamp, Michael E. \u2013 Philipp Reclam jun. Stuttgart<\/li>\n<li>Regententabellen \u2013 Wilberg, Max \u2013 Weltbild-Verlag Augsburg<\/li>\n<li>Stammtafeln Europ\u00e4ische Herrscher- und F\u00fcrstenh\u00e4user \u2013 Grote, Hermann \u2013 Reprint-Verlag Leipzig<\/li>\n<li>Stammtafeln europ\u00e4ischer Herrscherh\u00e4user \u2013 Sokop, Brigitte \u2013 B\u00f6hlau Verlag Wien-K\u00f6ln-Weimar<\/li>\n<li>Stammtafeln westdeutscher Adels-Geschlechter im Mittelalter \u2013 M\u00f6ller, Walther \u2013 <strong><a href=\"?p=1626\">Verzeichnis der Familiennamen<\/a><\/strong><\/li>\n<ul>\n<li>Band III, Darmstadt 1936, Nachdruck 1996<\/li>\n<li>Band IV, Neue Folge erster und zweiter Teil, Darmstadt 1950\/51, Nachdruck 1996<\/li>\n<\/ul>\n<\/li>\n<li>Frhr. v. Stechow, Friedrich-Carl: Ahnenreihen Stechow-Pilati, Bde. 3 und 4, Selbstverlag, M\u00fcnchen 1968<\/li>\n<\/ul>\n<p><a href=\"?page_id=363\"><strong>zur\u00fcck zur Bibliotheks\u00fcbersicht<\/strong><\/a><\/p>\n","protected":false},"excerpt":{"rendered":"<p>Ahnen zu Karl dem Grossen und Widukind in 765 Ahnenst\u00e4mmen \u2013 Winkhaus, Eberhard; Selbstverlag Ennepetal-Altenvoerde 1950 Ahnenreihen aus allen deutschen Gauen Bde. 1 \u2013 4 \u2013 Ehrenkrook, Hans Friedrich v.<\/p>\n<div><a href=\"https:\/\/dirkpeters.info\/?page_id=373\" class=\"exp-read-more exp-read-more-underlined\">Read More<\/a><\/div>\n","protected":false},"author":1,"featured_media":0,"parent":363,"menu_order":0,"comment_status":"closed","ping_status":"closed","template":"","meta":{"jetpack_post_was_ever_published":false,"footnotes":"","_links_to":"","_links_to_target":""},"class_list":["post-373","page","type-page","status-publish","hentry"],"jetpack_shortlink":"https:\/\/wp.me\/P8HCXc-61","jetpack-related-posts":[{"id":363,"url":"https:\/\/dirkpeters.info\/?page_id=363","url_meta":{"origin":373,"position":0},"title":"Meine genealogische Bibliothek","author":"dirkpeters","date":"9. Mai 2017","format":false,"excerpt":"In drei\u00dfig Jahren Familienforschung hat sich so einiges in meiner Bibliothek angesammelt. Gerne gebe ich bei Anfragen Auskunft, Scans oder Kopien mache ich allerdings aus R\u00fccksicht auf die B\u00fccher nicht. Da ich nicht st\u00e4ndig zu Hause bin, kann es eine Weile dauern bis Anfragen beantwortet werden, ich bitte daher notfalls\u2026","rel":"","context":"In \"B\u00fccher\"","block_context":{"text":"B\u00fccher","link":"https:\/\/dirkpeters.info\/?tag=buecher"},"img":{"alt_text":"","src":"","width":0,"height":0},"classes":[]},{"id":385,"url":"https:\/\/dirkpeters.info\/?page_id=385","url_meta":{"origin":373,"position":1},"title":"Meine Genealogische Bibliothek &#8211; Familiengeschichten","author":"dirkpeters","date":"10. Mai 2017","format":false,"excerpt":"Alten: Geschichte des Geschlechts von Alten 1182-1982 - W\u00e4tjen, Hans - Wolfsburg, 1981 Behr: Urkunden und Forschungen zur Geschichte des Geschlechts Behr G\u00fctzkower Linie - Bd VII - Behr, Marcelle und Fritz von - Selbstverlag Berger: Ahnenliste Berger - Ein Geschlecht aus dem Verwandtschaftskreis des Rudolf Stoye - Berger, Thomas\u2026","rel":"","context":"In \"B\u00fccher\"","block_context":{"text":"B\u00fccher","link":"https:\/\/dirkpeters.info\/?tag=buecher"},"img":{"alt_text":"","src":"","width":0,"height":0},"classes":[]},{"id":123,"url":"https:\/\/dirkpeters.info\/?page_id=123","url_meta":{"origin":373,"position":2},"title":"Service","author":"dirkpeters","date":"6. Mai 2017","format":false,"excerpt":"A Adel im Netz Ahnenlisten aus dem Ahnenlistenumlauf, 21 Microfilmrollen Ahnenreihen aus allen Deutschen Gauen Ahnenreihenwerk Geschwister Fischer Die Ahnenstammkartei des deutschen Volkes: Teil I, gesamt 638 Mikrofilmrollen Die Ahnenstammkartei des deutschen Volkes: Teil II, Ahnenlisten, gesamt 576 Mikrofilmrollen Ahnentafel Peters Akten des preu\u00df. Heroldsamtes Altpreu\u00dfische Geschlechterkunde Armorial et nobiliaire\u2026","rel":"","context":"In \"Links\"","block_context":{"text":"Links","link":"https:\/\/dirkpeters.info\/?tag=links"},"img":{"alt_text":"","src":"","width":0,"height":0},"classes":[]},{"id":422,"url":"https:\/\/dirkpeters.info\/?page_id=422","url_meta":{"origin":373,"position":3},"title":"Ahnenreihen aus allen Deutschen Gauen","author":"dirkpeters","date":"10. Mai 2017","format":false,"excerpt":"Ahnenreihen aus allen deutschen Gauen, bearbeitet von Hans Friedrich von Ehrenkrook, Verlag f\u00fcr Sippenforschung und Wappenkunde C. A. Starke, G\u00f6rlitz. In den einzelnen B\u00e4nden sind Ahnenreihen folgender Personen enthalten: Band 1 Band 2 Band 3 Band 4 Ernst Bohlmann Arnold B\u00f6lsche Geschwister Freiherr von Cornberg Alexander Edler von Daniels Otto\u2026","rel":"","context":"In \"Ahnenliste\"","block_context":{"text":"Ahnenliste","link":"https:\/\/dirkpeters.info\/?tag=ahnenliste"},"img":{"alt_text":"","src":"","width":0,"height":0},"classes":[]},{"id":78,"url":"https:\/\/dirkpeters.info\/?page_id=78","url_meta":{"origin":373,"position":4},"title":"Genealogieblogs- und Webseiten","author":"dirkpeters","date":"6. Mai 2017","format":false,"excerpt":"Abenteuer Ahnenforschung - Der Blog von Andrea Bentschneider. In diesem Blog dreht sich alles um Themen rund um die Ahnen- und Familienforschung. Hier werden Sie Erfahrungsberichte, Hilfestellungen, Antworten auf Fragen, Hinweise auf Publikationen und TV-Sendungen sowie andere\u2026 Ahnenforschung der Familie Auf'm Kampe - Die Familienforschungsseite von Regina auf\u2019m Kampe, mit\u2026","rel":"","context":"\u00c4hnlicher Beitrag","block_context":{"text":"\u00c4hnlicher Beitrag","link":""},"img":{"alt_text":"","src":"","width":0,"height":0},"classes":[]},{"id":366,"url":"https:\/\/dirkpeters.info\/?page_id=366","url_meta":{"origin":373,"position":5},"title":"Meine Genealogische Bibliothek &#8211; Sammelwerke","author":"dirkpeters","date":"9. Mai 2017","format":false,"excerpt":"Deutsches Geschlechterbuch Bde. 1-87 (CD's) - C. A. Starke Verlag Genealogisches Handbuch des Adels Reihe - C. A. Starke Verlag Adelige H\u00e4user A Bde. 1 - 8, 12, 14, 18 Adelige H\u00e4user B Bd. 1 Adelige H\u00e4user Bde. 34 - 36 Freiherrliche H\u00e4user A Bde. 1 - 6, 12 Freiherrliche\u2026","rel":"","context":"In \"B\u00fccher\"","block_context":{"text":"B\u00fccher","link":"https:\/\/dirkpeters.info\/?tag=buecher"},"img":{"alt_text":"","src":"","width":0,"height":0},"classes":[]}],"jetpack_sharing_enabled":true,"jetpack_likes_enabled":true,"_links":{"self":[{"href":"https:\/\/dirkpeters.info\/index.php?rest_route=\/wp\/v2\/pages\/373","targetHints":{"allow":["GET"]}}],"collection":[{"href":"https:\/\/dirkpeters.info\/index.php?rest_route=\/wp\/v2\/pages"}],"about":[{"href":"https:\/\/dirkpeters.info\/index.php?rest_route=\/wp\/v2\/types\/page"}],"author":[{"embeddable":true,"href":"https:\/\/dirkpeters.info\/index.php?rest_route=\/wp\/v2\/users\/1"}],"replies":[{"embeddable":true,"href":"https:\/\/dirkpeters.info\/index.php?rest_route=%2Fwp%2Fv2%2Fcomments&post=373"}],"version-history":[{"count":17,"href":"https:\/\/dirkpeters.info\/index.php?rest_route=\/wp\/v2\/pages\/373\/revisions"}],"predecessor-version":[{"id":3709,"href":"https:\/\/dirkpeters.info\/index.php?rest_route=\/wp\/v2\/pages\/373\/revisions\/3709"}],"up":[{"embeddable":true,"href":"https:\/\/dirkpeters.info\/index.php?rest_route=\/wp\/v2\/pages\/363"}],"wp:attachment":[{"href":"https:\/\/dirkpeters.info\/index.php?rest_route=%2Fwp%2Fv2%2Fmedia&parent=373"}],"curies":[{"name":"wp","href":"https:\/\/api.w.org\/{rel}","templated":true}]}}