{"id":351,"date":"2017-05-09T21:51:46","date_gmt":"2017-05-09T19:51:46","guid":{"rendered":"http:\/\/test.dirkpeters.net\/?page_id=351"},"modified":"2020-05-18T16:48:29","modified_gmt":"2020-05-18T14:48:29","slug":"gothaisches-genealogisches-taschenbuch-der-uradeligen-haeuser","status":"publish","type":"page","link":"https:\/\/dirkpeters.info\/?page_id=351","title":{"rendered":"Gothaisches Genealogisches Taschenbuch der Uradeligen H\u00e4user"},"content":{"rendered":"<div><a href=\"http:\/\/digital.ub.uni-duesseldorf.de\/download\/pdf\/1236530?name=Verzeichnis%20s%C3%A4mtlicher%20Geschlechter%20die%20im%20Gothaischen%20Hofkalender%20und%20in%20den%20Ge\"><\/p>\n<p style=\"text-align:center; padding: 5px; background:#EFEFEF; border: 1px solid;\"><strong>Verzeichnis s\u00e4mtlicher Geschlechter, die im Gothaischen Hofkalender und in den Genealogischen Taschenb\u00fcchern enthalten sind.<\/strong><\/p>\n<p><\/a>\n<\/div>\n<div class=\"zeitungsschau\">\n<p>Das Gothaisches Genealogisches Taschenbuch der Uradeligen H\u00e4user erschien zwischen 1900 und 1942 im Verlag von Justus Perthes in Gotha. Von 1900 bis 1906 erschien es als Gothaisches Genealogisches Taschenbuch der Adeligen H\u00e4user, von 1907 bis 1919 als Gothaisches Genealogisches Taschenbuch der Uradeligen H\u00e4user und von 1920 bis 1942 als Gothaisches Genealogisches Taschenbuch der Adeligen H\u00e4user. Deutscher Uradel.<\/p>\n<p><img data-recalc-dims=\"1\" height=\"1024\" width=\"644\" decoding=\"async\" src=\"https:\/\/i0.wp.com\/dirkpeters.info\/wp-content\/uploads\/2018\/10\/Adel-A-1908-644x1024.jpg?resize=644%2C1024\" \/><\/p>\n<ul>\n<li><a href=\"http:\/\/digital.ub.uni-duesseldorf.de\/ihd\/periodical\/structure\/8294106\" target=\"_blank\" rel=\"noopener noreferrer\">1. Band: 1900<\/a><\/li>\n<li><a href=\"http:\/\/digital.ub.uni-duesseldorf.de\/ihd\/periodical\/structure\/8279036\" target=\"_blank\" rel=\"noopener noreferrer\">2. Band: 1901<\/a><\/li>\n<li><a href=\"http:\/\/digital.ub.uni-duesseldorf.de\/ihd\/periodical\/structure\/8264746\" target=\"_blank\" rel=\"noopener noreferrer\">3. Band: 1902<\/a><\/li>\n<li><a href=\"http:\/\/digital.ub.uni-duesseldorf.de\/ihd\/periodical\/structure\/8311206\" target=\"_blank\" rel=\"noopener noreferrer\">4. Band: 1903<\/a><\/li>\n<li><a href=\"https:\/\/archive.org\/details\/gothaischesgenea1904goth\" target=\"_blank\" rel=\"noopener noreferrer\">5. Band: 1904<\/a><\/li>\n<li><a href=\"http:\/\/digital.ub.uni-duesseldorf.de\/ihd\/periodical\/structure\/8254843\" target=\"_blank\" rel=\"noopener noreferrer\">6. Band: 1905<\/a><\/li>\n<li><a href=\"http:\/\/digital.ub.uni-duesseldorf.de\/ihd\/periodical\/structure\/8279039\" target=\"_blank\" rel=\"noopener noreferrer\">7. Band: 1906<\/a><\/li>\n<li><a href=\"https:\/\/archive.org\/details\/gothaischesgenea1908goth\" target=\"_blank\" rel=\"noopener noreferrer\">9. Band: 1908<\/a><\/li>\n<li><a href=\"https:\/\/archive.org\/details\/gothaischesgenea1910goth\" target=\"_blank\" rel=\"noopener noreferrer\">11. Band: 1910<\/a><\/li>\n<li><a href=\"https:\/\/archive.org\/details\/gothaischesgenea1911goth\" target=\"_blank\" rel=\"noopener noreferrer\">12. Band: 1911<\/a><\/li>\n<li><a href=\"https:\/\/archive.org\/details\/gothaischesgenea1912goth\" target=\"_blank\" rel=\"noopener noreferrer\">13. Band: 1912<\/a><\/li>\n<li><a href=\"https:\/\/archive.org\/details\/gothaischesgenea1913goth\" target=\"_blank\" rel=\"noopener noreferrer\">14. Band: 1913<\/a><\/li>\n<li><a href=\"https:\/\/archive.org\/details\/gothaischesgenea1914goth\" target=\"_blank\" rel=\"noopener noreferrer\">15. Band: 1914<\/a><\/li>\n<li><a href=\"https:\/\/archive.org\/details\/gothaischesgenea1915goth\" target=\"_blank\" rel=\"noopener noreferrer\">16. Band: 1915<\/a><\/li>\n<li><a href=\"https:\/\/archive.org\/details\/gothaischesgenea1916goth\" target=\"_blank\" rel=\"noopener noreferrer\">17. Band: 1916<\/a><\/li>\n<li><a href=\"https:\/\/archive.org\/details\/gothaischesgenea1917goth\" target=\"_blank\" rel=\"noopener noreferrer\">18. Band: 1917<\/a><\/li>\n<li><a href=\"https:\/\/archive.org\/details\/gothaischesgenea1918goth\" target=\"_blank\" rel=\"noopener noreferrer\">19. Band: 1918<\/a><\/li>\n<li><a href=\"https:\/\/archive.org\/details\/gothaischesgenea1919goth\" target=\"_blank\" rel=\"noopener noreferrer\">20. Band: 1919<\/a><\/li>\n<li><a href=\"https:\/\/archive.org\/details\/gothaischesgenea1922goth\" target=\"_blank\" rel=\"noopener noreferrer\">23. Band: 1922<\/a><\/li>\n<\/ul>\n<\/div>\n<p><\/p>\n<div style=\"clear:both\">\n<\/div>\n<div class=\"zeitungsschau\">\n<p style=\"text-align:center; padding: 5px; background:#EFEFEF; border: 1px solid;\"><strong>Alle B\u00e4nde gibt es auch bei Familysearch als Verfilmung. Die Links sind nur nutzbar, wenn man bei Familysearch angemeldet ist (kostenlos).<\/strong><\/p>\n<ul>\n<li><a href=\"https:\/\/www.familysearch.org\/search\/film\/008110511?cat=166234\" target=\"_blank\" rel=\"noopener noreferrer\">1900<\/a><\/li>\n<li><a href=\"https:\/\/www.familysearch.org\/search\/film\/008110512?cat=166234\" target=\"_blank\" rel=\"noopener noreferrer\">1901<\/a><\/li>\n<li><a href=\"https:\/\/www.familysearch.org\/search\/film\/008110513?cat=166234\" target=\"_blank\" rel=\"noopener noreferrer\">1902<\/a><\/li>\n<li><a href=\"https:\/\/www.familysearch.org\/search\/film\/008110514?cat=166234\" target=\"_blank\" rel=\"noopener noreferrer\">1903<\/a><\/li>\n<li><a href=\"https:\/\/www.familysearch.org\/search\/film\/008110515?cat=166234\" target=\"_blank\" rel=\"noopener noreferrer\">1904<\/a><\/li>\n<li><a href=\"https:\/\/www.familysearch.org\/search\/film\/008110516?cat=166234\" target=\"_blank\" rel=\"noopener noreferrer\">1905<\/a><\/li>\n<li><a href=\"https:\/\/www.familysearch.org\/search\/film\/008110517?cat=166234\" target=\"_blank\" rel=\"noopener noreferrer\">1906<\/a><\/li>\n<li><a href=\"https:\/\/www.familysearch.org\/search\/film\/008110518?cat=166234\" target=\"_blank\" rel=\"noopener noreferrer\">1907<\/a><\/li>\n<li><a href=\"https:\/\/www.familysearch.org\/search\/film\/008110519?cat=166234\" target=\"_blank\" rel=\"noopener noreferrer\">1908<\/a><\/li>\n<li><a href=\"https:\/\/www.familysearch.org\/search\/film\/008110520?cat=166234\" target=\"_blank\" rel=\"noopener noreferrer\">1909<\/a><\/li>\n<li><a href=\"https:\/\/www.familysearch.org\/search\/film\/008110521?cat=166234\" target=\"_blank\" rel=\"noopener noreferrer\">1910<\/a><\/li>\n<li><a href=\"https:\/\/www.familysearch.org\/search\/film\/008110522?cat=166234\" target=\"_blank\" rel=\"noopener noreferrer\">1911<\/a><\/li>\n<li><a href=\"https:\/\/www.familysearch.org\/search\/film\/008110523?cat=166234\" target=\"_blank\" rel=\"noopener noreferrer\">1912<\/a><\/li>\n<li><a href=\"https:\/\/www.familysearch.org\/search\/film\/008110524?cat=166234\" target=\"_blank\" rel=\"noopener noreferrer\">1913<\/a><\/li>\n<li><a href=\"https:\/\/www.familysearch.org\/search\/film\/008110525?cat=166234\" target=\"_blank\" rel=\"noopener noreferrer\">1914<\/a><\/li>\n<li><a href=\"https:\/\/www.familysearch.org\/search\/film\/008110526?cat=166234\" target=\"_blank\" rel=\"noopener noreferrer\">1915<\/a><\/li>\n<li><a href=\"https:\/\/www.familysearch.org\/search\/film\/008110527?cat=166234\" target=\"_blank\" rel=\"noopener noreferrer\">1916<\/a><\/li>\n<li><a href=\"https:\/\/www.familysearch.org\/search\/film\/008110528?cat=166234\" target=\"_blank\" rel=\"noopener noreferrer\">1917<\/a><\/li>\n<li><a href=\"https:\/\/www.familysearch.org\/search\/film\/008110529?cat=166234\" target=\"_blank\" rel=\"noopener noreferrer\">1918<\/a><\/li>\n<li><a href=\"https:\/\/www.familysearch.org\/search\/film\/008086482?cat=166234\" target=\"_blank\" rel=\"noopener noreferrer\">1919<\/a><\/li>\n<li><a href=\"https:\/\/www.familysearch.org\/search\/film\/008110530?cat=166234\" target=\"_blank\" rel=\"noopener noreferrer\">1920<\/a><\/li>\n<li><a href=\"https:\/\/www.familysearch.org\/search\/film\/008110531?cat=166234\" target=\"_blank\" rel=\"noopener noreferrer\">1921<\/a><\/li>\n<li><a href=\"https:\/\/www.familysearch.org\/search\/film\/008110532?cat=166234\" target=\"_blank\" rel=\"noopener noreferrer\">1922<\/a><\/li>\n<li><a href=\"https:\/\/www.familysearch.org\/search\/film\/008110533?cat=166234\" target=\"_blank\" rel=\"noopener noreferrer\">1923<\/a><\/li>\n<li><a href=\"https:\/\/www.familysearch.org\/search\/film\/008110534?cat=166234\" target=\"_blank\" rel=\"noopener noreferrer\">1924<\/a><\/li>\n<li><a href=\"https:\/\/www.familysearch.org\/search\/film\/008110535?cat=166234\" target=\"_blank\" rel=\"noopener noreferrer\">1926, 1928<\/a><\/li>\n<li><a href=\"https:\/\/www.familysearch.org\/search\/film\/008110536?cat=166234\" target=\"_blank\" rel=\"noopener noreferrer\">1929-1930<\/a><\/li>\n<li><a href=\"https:\/\/www.familysearch.org\/search\/film\/008110537?cat=166234\" target=\"_blank\" rel=\"noopener noreferrer\">1931-1932<\/a><\/li>\n<li><a href=\"https:\/\/www.familysearch.org\/search\/film\/008110538?cat=166234\" target=\"_blank\" rel=\"noopener noreferrer\">1933-1934<\/a><\/li>\n<li><a href=\"https:\/\/www.familysearch.org\/search\/film\/008110539?cat=166234\" target=\"_blank\" rel=\"noopener noreferrer\">1935-1936<\/a><\/li>\n<li><a href=\"https:\/\/www.familysearch.org\/search\/film\/008110540?cat=166234\" target=\"_blank\" rel=\"noopener noreferrer\">1937-1938<\/a><\/li>\n<li><a href=\"https:\/\/www.familysearch.org\/search\/film\/008110541?cat=166234\" target=\"_blank\" rel=\"noopener noreferrer\">1939-1940<\/a><\/li>\n<li><a href=\"https:\/\/www.familysearch.org\/search\/film\/008110542?cat=166234\" target=\"_blank\" rel=\"noopener noreferrer\">1941-1942<\/a><\/li>\n<\/ul>\n<\/div>\n","protected":false},"excerpt":{"rendered":"<p>Verzeichnis s\u00e4mtlicher Geschlechter, die im Gothaischen Hofkalender und in den Genealogischen Taschenb\u00fcchern enthalten sind. Das Gothaisches Genealogisches Taschenbuch der Uradeligen H\u00e4user erschien zwischen 1900 und 1942 im Verlag von Justus<\/p>\n<div><a href=\"https:\/\/dirkpeters.info\/?page_id=351\" class=\"exp-read-more exp-read-more-underlined\">Read More<\/a><\/div>\n","protected":false},"author":1,"featured_media":0,"parent":123,"menu_order":0,"comment_status":"closed","ping_status":"closed","template":"","meta":{"jetpack_post_was_ever_published":false,"footnotes":"","_links_to":"","_links_to_target":""},"class_list":["post-351","page","type-page","status-publish","hentry"],"jetpack_shortlink":"https:\/\/wp.me\/P8HCXc-5F","jetpack-related-posts":[{"id":346,"url":"https:\/\/dirkpeters.info\/?page_id=346","url_meta":{"origin":351,"position":0},"title":"Gothaisches Genealogisches Taschenbuch der gr\u00e4flichen H\u00e4user","author":"dirkpeters","date":"9. Mai 2017","format":false,"excerpt":"Verzeichnis s\u00e4mtlicher Geschlechter, die im Gothaischen Hofkalender und in den Genealogischen Taschenb\u00fcchern enthalten sind.Das Gothaische genealogische Taschenbuch der gr\u00e4flichen H\u00e4user erschine von 1825 - 1942 im Verlag von Justus Perthes in Gotha. Ab 1923 war es in die Unterreihen A (gerade Jahrg\u00e4nge, Gr\u00e4fliche H\u00e4user des sp\u00e4testens um 1400 nachgewiesenen ritterb\u00fcrtigen\u2026","rel":"","context":"In \"Adel\"","block_context":{"text":"Adel","link":"https:\/\/dirkpeters.info\/?tag=adel"},"img":{"alt_text":"Gotha Grafen","src":"https:\/\/i0.wp.com\/test.dirkpeters.net\/wp-content\/uploads\/2017\/05\/gotha_grafen-694x1024.jpg?resize=350%2C200","width":350,"height":200,"srcset":"https:\/\/i0.wp.com\/test.dirkpeters.net\/wp-content\/uploads\/2017\/05\/gotha_grafen-694x1024.jpg?resize=350%2C200 1x, https:\/\/i0.wp.com\/test.dirkpeters.net\/wp-content\/uploads\/2017\/05\/gotha_grafen-694x1024.jpg?resize=525%2C300 1.5x"},"classes":[]},{"id":354,"url":"https:\/\/dirkpeters.info\/?page_id=354","url_meta":{"origin":351,"position":1},"title":"Gothaisches Genealogisches Taschenbuch der freiherrlichen H\u00e4user","author":"dirkpeters","date":"9. Mai 2017","format":false,"excerpt":"Verzeichnis s\u00e4mtlicher Geschlechter, die im Gothaischen Hofkalender und in den Genealogischen Taschenb\u00fcchern enthalten sind.Das Gothaische Genealogische Taschenbuch der freiherrlichen H\u00e4user erschien zwischen 1848 und 1942 im Verlag Justus Perthes in Gotha. 1848 - 1. Jahrgang 1849 - 2. Jahrgang 1853 - 3. Jahrgang 1854 - 4. Jahrgang 1855 - 5.\u2026","rel":"","context":"In \"Adel\"","block_context":{"text":"Adel","link":"https:\/\/dirkpeters.info\/?tag=adel"},"img":{"alt_text":"Gotha Freiherren","src":"https:\/\/i0.wp.com\/test.dirkpeters.net\/wp-content\/uploads\/2017\/05\/gotha_freiherren-679x1024.jpg?resize=350%2C200","width":350,"height":200},"classes":[]},{"id":366,"url":"https:\/\/dirkpeters.info\/?page_id=366","url_meta":{"origin":351,"position":2},"title":"Meine Genealogische Bibliothek &#8211; Sammelwerke","author":"dirkpeters","date":"9. Mai 2017","format":false,"excerpt":"Deutsches Geschlechterbuch Bde. 1-87 (CD's) - C. A. Starke Verlag Genealogisches Handbuch des Adels Reihe - C. A. Starke Verlag Adelige H\u00e4user A Bde. 1 - 8, 12, 14, 18 Adelige H\u00e4user B Bd. 1 Adelige H\u00e4user Bde. 34 - 36 Freiherrliche H\u00e4user A Bde. 1 - 6, 12 Freiherrliche\u2026","rel":"","context":"In \"B\u00fccher\"","block_context":{"text":"B\u00fccher","link":"https:\/\/dirkpeters.info\/?tag=buecher"},"img":{"alt_text":"","src":"","width":0,"height":0},"classes":[]},{"id":123,"url":"https:\/\/dirkpeters.info\/?page_id=123","url_meta":{"origin":351,"position":3},"title":"Service","author":"dirkpeters","date":"6. Mai 2017","format":false,"excerpt":"A Adel im Netz Ahnenlisten aus dem Ahnenlistenumlauf, 21 Microfilmrollen Ahnenreihen aus allen Deutschen Gauen Ahnenreihenwerk Geschwister Fischer Die Ahnenstammkartei des deutschen Volkes: Teil I, gesamt 638 Mikrofilmrollen Die Ahnenstammkartei des deutschen Volkes: Teil II, Ahnenlisten, gesamt 576 Mikrofilmrollen Ahnentafel Peters Akten des preu\u00df. Heroldsamtes Altpreu\u00dfische Geschlechterkunde Armorial et nobiliaire\u2026","rel":"","context":"In \"Links\"","block_context":{"text":"Links","link":"https:\/\/dirkpeters.info\/?tag=links"},"img":{"alt_text":"","src":"","width":0,"height":0},"classes":[]},{"id":394,"url":"https:\/\/dirkpeters.info\/?page_id=394","url_meta":{"origin":351,"position":4},"title":"Meine genealogische Bibliothek &#8211; Sonstiges","author":"dirkpeters","date":"10. Mai 2017","format":false,"excerpt":"Ahnentafeln Paderborner Domherren - Michels, Paul - Bonifatius - Paderborn, 1966 Der Paderborner Stiftsadel zur Mitte des 15. Jahrhunderts - Lagers, Michael - Bonifatius - Paderborn, 2013 Der langsame Aufstieg des Morgensterns von Wittenberg -Eine Studie und eine Erz\u00e4hlung \u00fcber die Herkunft der Katharina von Bora - Liebehenschel, Wolfgang -\u2026","rel":"","context":"In \"B\u00fccher\"","block_context":{"text":"B\u00fccher","link":"https:\/\/dirkpeters.info\/?tag=buecher"},"img":{"alt_text":"","src":"","width":0,"height":0},"classes":[]},{"id":131,"url":"https:\/\/dirkpeters.info\/?page_id=131","url_meta":{"origin":351,"position":5},"title":"Familien\u00fcbergreifende Reihen und B\u00fccher","author":"dirkpeters","date":"6. Mai 2017","format":false,"excerpt":"Links zu B\u00fcchern und Reihen, die familien\u00fcbergreifende Informationen bzw. Informationen zu mehreren Familien enthalten.Das Herunterladen von B\u00fcchern bei Google, die nach 1870 erschienen sind funktioniert nur \u00fcber einen amerikanischen Proxy bzw. das Firefox-Addon googlesharing. Das eingeschaltete Browsen simuliert nun die Suche als US-B\u00fcrger und erm\u00f6glicht im Gesamtergebnis zuverl\u00e4ssig einige Downloads\u2026","rel":"","context":"\u00c4hnlicher Beitrag","block_context":{"text":"\u00c4hnlicher Beitrag","link":""},"img":{"alt_text":"","src":"","width":0,"height":0},"classes":[]}],"jetpack_sharing_enabled":true,"jetpack_likes_enabled":true,"_links":{"self":[{"href":"https:\/\/dirkpeters.info\/index.php?rest_route=\/wp\/v2\/pages\/351","targetHints":{"allow":["GET"]}}],"collection":[{"href":"https:\/\/dirkpeters.info\/index.php?rest_route=\/wp\/v2\/pages"}],"about":[{"href":"https:\/\/dirkpeters.info\/index.php?rest_route=\/wp\/v2\/types\/page"}],"author":[{"embeddable":true,"href":"https:\/\/dirkpeters.info\/index.php?rest_route=\/wp\/v2\/users\/1"}],"replies":[{"embeddable":true,"href":"https:\/\/dirkpeters.info\/index.php?rest_route=%2Fwp%2Fv2%2Fcomments&post=351"}],"version-history":[{"count":13,"href":"https:\/\/dirkpeters.info\/index.php?rest_route=\/wp\/v2\/pages\/351\/revisions"}],"predecessor-version":[{"id":3768,"href":"https:\/\/dirkpeters.info\/index.php?rest_route=\/wp\/v2\/pages\/351\/revisions\/3768"}],"up":[{"embeddable":true,"href":"https:\/\/dirkpeters.info\/index.php?rest_route=\/wp\/v2\/pages\/123"}],"wp:attachment":[{"href":"https:\/\/dirkpeters.info\/index.php?rest_route=%2Fwp%2Fv2%2Fmedia&parent=351"}],"curies":[{"name":"wp","href":"https:\/\/api.w.org\/{rel}","templated":true}]}}