{"id":125,"date":"2017-05-06T21:48:28","date_gmt":"2017-05-06T19:48:28","guid":{"rendered":"http:\/\/test.dirkpeters.net\/?page_id=125"},"modified":"2017-05-12T08:48:55","modified_gmt":"2017-05-12T06:48:55","slug":"lexika-im-internet","status":"publish","type":"page","link":"https:\/\/dirkpeters.info\/?page_id=125","title":{"rendered":"Lexika im Internet"},"content":{"rendered":"<p>Im World Wide Web finden sich eine Menge Lexika, viele sind davon auch f\u00fcr die Familienforschung n\u00fctzlich. Hier sind Links zu einigen interessanten Werken:<\/p>\n<hr>\n<p>Allgemeine \/ Neue Deutsche Biographie<\/p>\n<ul>\n<li><a href=\"http:\/\/www.deutsche-biographie.de\/\" target=\"_blank\">Startseite<\/a><\/li>\n<\/ul>\n<p>Genealogisch-historisch-statistischer Almanach<\/p>\n<ul>\n<li><a href=\"http:\/\/books.google.com\/books?id=NHKbp4gz35wC&amp;dq=subject:%22genealogy%22&amp;lr=lang_de&amp;as_drrb_is=q&amp;as_minm_is=0&amp;as_miny_is=&amp;as_maxm_is=0&amp;as_maxy_is=&amp;num=100&amp;as_brr=1&amp;source=gbs_navlinks_s\" target=\"_blank\">1824<\/a><\/li>\n<li><a href=\"http:\/\/books.google.com\/books?id=iYRrgYNPgOwC&amp;dq=subject:%22genealogy%22&amp;lr=lang_de&amp;as_drrb_is=q&amp;as_minm_is=0&amp;as_miny_is=&amp;as_maxm_is=0&amp;as_maxy_is=&amp;num=100&amp;as_brr=1&amp;source=gbs_navlinks_s\" target=\"_blank\">1830<\/a><\/li>\n<li><a href=\"http:\/\/books.google.com\/books?id=TqC-NXAw950C&amp;dq=subject:%22genealogy%22&amp;lr=lang_de&amp;as_drrb_is=q&amp;as_minm_is=0&amp;as_miny_is=&amp;as_maxm_is=0&amp;as_maxy_is=&amp;num=100&amp;as_brr=1&amp;source=gbs_navlinks_s\" target=\"_blank\">1831<\/a><\/li>\n<li><a href=\"http:\/\/books.google.com\/books?id=AzrD-U5ltccC&amp;dq=subject:%22genealogy%22&amp;lr=lang_de&amp;as_drrb_is=q&amp;as_minm_is=0&amp;as_miny_is=&amp;as_maxm_is=0&amp;as_maxy_is=&amp;num=100&amp;as_brr=1&amp;source=gbs_navlinks_s\" target=\"_blank\">1832<\/a><\/li>\n<\/ul>\n<p>Hellbach, Johann Christian von: Adels-Lexikon, oder, Handbuch \u00fcber die historischen, genealogischen und diplomatischen , zum Theil auch heraldischen, genealogischen und diplomatischen, zum Theil auch heraldischen Nachrichten vom hohen und niedern Adel: besonders in den deutschen Bundesstaaten, so wie von dem \u00f6streichischen , B\u00f6hmischen, M\u00e4hrenschen, Preussisschen, Schlesischen und Lausitzischen Adel<\/p>\n<ul>\n<li><a href=\"http:\/\/books.google.com\/books?id=r2g7AAAAYAAJ&amp;dq=subject:%22nobility%22&amp;lr=lang_de&amp;as_drrb_is=q&amp;as_minm_is=0&amp;as_miny_is=&amp;as_maxm_is=0&amp;as_maxy_is=&amp;num=100&amp;as_brr=1&amp;hl=de&amp;source=gbs_navlinks_s\" target=\"_blank\">Band 1, B.F. Voigt, 1825<\/a><\/li>\n<\/ul>\n<p>Kneschke, Ernst Heinrich<\/p>\n<ul>\n<li>Deutsche Grafen-Haeuser der Gegenwart. In heraldischer, historischer und genealogischer Beziehung.\n<ul>\n<li><a href=\"http:\/\/nbn-resolving.de\/urn\/resolver.pl?urn=urn:nbn:de:hbz:061:1-449135\" target=\"_blank\">Erster Band: A-K<\/a>, T. O. Weigel, Leipzig 1853<\/li>\n<li><a href=\"http:\/\/nbn-resolving.de\/urn\/resolver.pl?urn=urn:nbn:de:hbz:061:1-449195\" target=\"_blank\">Zweiter Band: L-Z<\/a>, T. O. Weigel, Leipzig 1853<\/li>\n<li><a href=\"http:\/\/nbn-resolving.de\/urn\/resolver.pl?urn=urn:nbn:de:hbz:061:1-449494\" target=\"_blank\">Dritter Band: A-Z<\/a>, T. O. Weigel, Leipzig 1854<\/li>\n<\/ul>\n<\/li>\n<li>Neues allgemeines deutsches Adelslexikon:\n<ul>\n<li><a href=\"http:\/\/wiki-commons.genealogy.net\/images\/d\/dc\/Kneschke_1.djvu?djvuopts&amp;page=1\" target=\"_blank\">Band 1 (1859)<\/a><\/li>\n<li><a href=\"http:\/\/books.google.de\/books?id=ucgEAAAAIAAJ&amp;printsec=frontcover&amp;dq=editions:00LvUgjLiG8jibCgL8t7NA&amp;lr=&amp;hl=en#v=onepage&amp;q=&amp;f=false\" target=\"_blank\">Band 2 (1860)<\/a><\/li>\n<li><a href=\"http:\/\/books.google.de\/books?id=CuimQsROQrIC&amp;dq=inauthor:Zedlitz&amp;lr=&amp;as_drrb_is=q&amp;as_minm_is=0&amp;as_miny_is=&amp;as_maxm_is=0&amp;as_maxy_is=&amp;as_brr=1&amp;hl=en&amp;source=gbs_navlinks_s\" target=\"_blank\">Band 3 (1861)<\/a><\/li>\n<li><a href=\"http:\/\/books.google.de\/books?id=HtctdetO04AC&amp;printsec=frontcover&amp;dq=editions:00LvUgjLiG8jibCgL8t7NA&amp;hl=en#v=onepage&amp;q=&amp;f=false\" target=\"_blank\">Band 4 (1863)<\/a><\/li>\n<li><a href=\"http:\/\/books.google.de\/books?id=0s4EAAAAIAAJ&amp;hl=en&amp;source=gbs_navlinks_s\" target=\"_blank\">Band 5 (1864)<\/a><\/li>\n<li><a href=\"http:\/\/books.google.de\/books?id=-U95WFbX7g0C&amp;hl=en&amp;source=gbs_navlinks_s\" target=\"_blank\">Band 6 (1865)<\/a><\/li>\n<li><a href=\"http:\/\/books.google.de\/books?id=CuimQsROQrIC&amp;dq=inauthor:Zedlitz&amp;lr=&amp;as_drrb_is=q&amp;as_minm_is=0&amp;as_miny_is=&amp;as_maxm_is=0&amp;as_maxy_is=&amp;as_brr=1&amp;hl=en&amp;source=gbs_navlinks_s\" target=\"_blank\">Band 7 (1867)<\/a><\/li>\n<li><a href=\"http:\/\/books.google.de\/books?id=GNkEAAAAIAAJ&amp;hl=en&amp;source=gbs_navlinks_s\" target=\"_blank\">Band 8 (1868)<\/a><\/li>\n<li><a href=\"http:\/\/books.google.com\/books?id=M1cBAAAAQAAJ\" target=\"_blank\">Band 9<\/a><\/li>\n<\/ul>\n<\/li>\n<\/ul>\n<p>Mecklenburgisches Gelehrten-Lexicon, oder kurtze Lebens-Geschichten derer in Mecklenburg in allerley Geist- und Weltlichen Bedienungen gestandenen Gelehrten<\/p>\n<ul>\n<li><a href=\"http:\/\/digiwubu.gdz-cms.de\/ddms\/dimg\/?IDDOC=319056\" target=\"_blank\">Band 1 (1729)<\/a><\/li>\n<li><a href=\"http:\/\/digiwubu.gdz-cms.de\/ddms\/dimg\/?IDDOC=319069\" target=\"_blank\">Band 2 (1729)<\/a><\/li>\n<li><a href=\"http:\/\/digiwubu.gdz-cms.de\/ddms\/dimg\/?IDDOC=319082\" target=\"_blank\">Band 6 (1731)<\/a><\/li>\n<\/ul>\n<p>Napiersky: Allgemeines Schriftsteller- und Gelehrten-Lexicon der Provinzen Livland, Esthland und Kurland<\/p>\n<ul>\n<li><a href=\"http:\/\/personen.digitale-sammlungen.de\/baltlex\/Band_bsb00000340.html\" target=\"_blank\">Bd. 1, Mitau 1827<\/a><\/li>\n<li><a href=\"http:\/\/personen.digitale-sammlungen.de\/baltlex\/Band_bsb00000341.html\" target=\"_blank\">Bd. 2, Mitau 1829<\/a><\/li>\n<li><a href=\"http:\/\/personen.digitale-sammlungen.de\/baltlex\/Band_bsb00000342.html\" target=\"_blank\">Bd. 3, Mitau 1831<\/a><\/li>\n<li><a href=\"http:\/\/personen.digitale-sammlungen.de\/baltlex\/Band_bsb00000343.html\" target=\"_blank\">Bd. 4, Mitau 1832<\/a><\/li>\n<\/ul>\n<p><a href=\"http:\/\/personen.digitale-sammlungen.de\/baltlex\/Band_bsb00000354.html\" target=\"_blank\">Neumann, Wilhelm: Lexikon baltischer K\u00fcnstler, Riga 1908<\/a><\/p>\n<p><a href=\"http:\/\/personen.digitale-sammlungen.de\/baltlex\/Band_bsb00000432.html\" target=\"_blank\">Recke, J. F. v.: Allgemeines Schriftsteller- und Gelehrten-Lexikon der Provinzen Livland, Esthland und Kurland. Nachtr\u00e4ge, 1859-1861<\/a><\/p>\n<p>Zedlitz-Neukirch, Leopold von: Neues preussisches Adels-Lexicon oder genealogische und diplomatische Nachrichten von den preussischen Monarchie ans\u00e4ssigen oder zu derselben in Beziehung stehenden f\u00fcrstlichen, gr\u00e4flichen, freiherrlichen und adeligen H\u00e4usern : mit der Angabe ihrer Abstammung, ihres Besitzthums, ihres Wappens un der aus ihnen hervorgegangenen Civil- und Milit\u00e4rpersonen, Helden, Gelehrten und K\u00fcnstler<\/p>\n<ul>\n<li><a href=\"http:\/\/kpbc.umk.pl\/dlibra\/publication\/20764\/content\" target=\"_blank\">Band 1<\/a><\/li>\n<li><a href=\"http:\/\/kpbc.umk.pl\/dlibra\/publication\/20766\/content\" target=\"_blank\">Band 2<\/a><\/li>\n<li><a href=\"http:\/\/kpbc.umk.pl\/dlibra\/publication\/20767\/content\" target=\"_blank\">Band 3<\/a><\/li>\n<li><a href=\"http:\/\/kpbc.umk.pl\/dlibra\/publication\/20768\/content\" target=\"_blank\">Band 4<\/a><\/li>\n<li><a href=\"http:\/\/bibliotekacyfrowa.eu\/dlibra\/docmetadata?id=13988\" target=\"_blank\">Band 5<\/a><\/li>\n<li><a href=\"https:\/\/books.google.de\/books?id=T84HAAAAIAAJ&redir_esc=y\" target=\"_blank\">Band 6<\/a><\/li>\n<\/ul>\n","protected":false},"excerpt":{"rendered":"<p>Im World Wide Web finden sich eine Menge Lexika, viele sind davon auch f\u00fcr die Familienforschung n\u00fctzlich. Hier sind Links zu einigen interessanten Werken: Allgemeine \/ Neue Deutsche Biographie Startseite<\/p>\n<div><a href=\"https:\/\/dirkpeters.info\/?page_id=125\" class=\"exp-read-more exp-read-more-underlined\">Read More<\/a><\/div>\n","protected":false},"author":1,"featured_media":0,"parent":123,"menu_order":0,"comment_status":"closed","ping_status":"closed","template":"","meta":{"jetpack_post_was_ever_published":false,"footnotes":"","_links_to":"","_links_to_target":""},"class_list":["post-125","page","type-page","status-publish","hentry"],"jetpack_shortlink":"https:\/\/wp.me\/P8HCXc-21","jetpack-related-posts":[{"id":123,"url":"https:\/\/dirkpeters.info\/?page_id=123","url_meta":{"origin":125,"position":0},"title":"Service","author":"dirkpeters","date":"6. Mai 2017","format":false,"excerpt":"A Adel im Netz Ahnenlisten aus dem Ahnenlistenumlauf, 21 Microfilmrollen Ahnenreihen aus allen Deutschen Gauen Ahnenreihenwerk Geschwister Fischer Die Ahnenstammkartei des deutschen Volkes: Teil I, gesamt 638 Mikrofilmrollen Die Ahnenstammkartei des deutschen Volkes: Teil II, Ahnenlisten, gesamt 576 Mikrofilmrollen Ahnentafel Peters Akten des preu\u00df. Heroldsamtes Altpreu\u00dfische Geschlechterkunde Armorial et nobiliaire\u2026","rel":"","context":"In \"Links\"","block_context":{"text":"Links","link":"https:\/\/dirkpeters.info\/?tag=links"},"img":{"alt_text":"","src":"","width":0,"height":0},"classes":[]},{"id":351,"url":"https:\/\/dirkpeters.info\/?page_id=351","url_meta":{"origin":125,"position":1},"title":"Gothaisches Genealogisches Taschenbuch der Uradeligen H\u00e4user","author":"dirkpeters","date":"9. Mai 2017","format":false,"excerpt":"Verzeichnis s\u00e4mtlicher Geschlechter, die im Gothaischen Hofkalender und in den Genealogischen Taschenb\u00fcchern enthalten sind. Das Gothaisches Genealogisches Taschenbuch der Uradeligen H\u00e4user erschien zwischen 1900 und 1942 im Verlag von Justus Perthes in Gotha. Von 1900 bis 1906 erschien es als Gothaisches Genealogisches Taschenbuch der Adeligen H\u00e4user, von 1907 bis 1919\u2026","rel":"","context":"In \"Adel\"","block_context":{"text":"Adel","link":"https:\/\/dirkpeters.info\/?tag=adel"},"img":{"alt_text":"","src":"https:\/\/i0.wp.com\/dirkpeters.info\/wp-content\/uploads\/2018\/10\/Adel-A-1908-644x1024.jpg?resize=350%2C200","width":350,"height":200,"srcset":"https:\/\/i0.wp.com\/dirkpeters.info\/wp-content\/uploads\/2018\/10\/Adel-A-1908-644x1024.jpg?resize=350%2C200 1x, https:\/\/i0.wp.com\/dirkpeters.info\/wp-content\/uploads\/2018\/10\/Adel-A-1908-644x1024.jpg?resize=525%2C300 1.5x"},"classes":[]},{"id":283,"url":"https:\/\/dirkpeters.info\/?page_id=283","url_meta":{"origin":125,"position":2},"title":"Pommerscher Adelsspiegel","author":"dirkpeters","date":"7. Mai 2017","format":false,"excerpt":"Der Pommersche Adelsspiegel, basierend auf den Arbeiten von Albrecht Elzow und zum Teil erg\u00e4nzt durch Christoph von Heydebreck und Friedrich Wilhelm von der Osten, stellt ein wichtiges Hilfsmittel f\u00fcr alle dar, die zu Familien des pommerschen Adels forschen. Teile m\u00f6gen heute \u00fcberholt sein, allerdings ist der Adelsspiegel unverzichtbar, da hier\u2026","rel":"","context":"In \"Adel\"","block_context":{"text":"Adel","link":"https:\/\/dirkpeters.info\/?tag=adel"},"img":{"alt_text":"","src":"..\/wp-content\/uploads\/2010\/02\/elzow_2-300x240.jpg","width":350,"height":200},"classes":[]},{"id":346,"url":"https:\/\/dirkpeters.info\/?page_id=346","url_meta":{"origin":125,"position":3},"title":"Gothaisches Genealogisches Taschenbuch der gr\u00e4flichen H\u00e4user","author":"dirkpeters","date":"9. Mai 2017","format":false,"excerpt":"Verzeichnis s\u00e4mtlicher Geschlechter, die im Gothaischen Hofkalender und in den Genealogischen Taschenb\u00fcchern enthalten sind.Das Gothaische genealogische Taschenbuch der gr\u00e4flichen H\u00e4user erschine von 1825 - 1942 im Verlag von Justus Perthes in Gotha. Ab 1923 war es in die Unterreihen A (gerade Jahrg\u00e4nge, Gr\u00e4fliche H\u00e4user des sp\u00e4testens um 1400 nachgewiesenen ritterb\u00fcrtigen\u2026","rel":"","context":"In \"Adel\"","block_context":{"text":"Adel","link":"https:\/\/dirkpeters.info\/?tag=adel"},"img":{"alt_text":"Gotha Grafen","src":"https:\/\/i0.wp.com\/test.dirkpeters.net\/wp-content\/uploads\/2017\/05\/gotha_grafen-694x1024.jpg?resize=350%2C200","width":350,"height":200,"srcset":"https:\/\/i0.wp.com\/test.dirkpeters.net\/wp-content\/uploads\/2017\/05\/gotha_grafen-694x1024.jpg?resize=350%2C200 1x, https:\/\/i0.wp.com\/test.dirkpeters.net\/wp-content\/uploads\/2017\/05\/gotha_grafen-694x1024.jpg?resize=525%2C300 1.5x"},"classes":[]},{"id":354,"url":"https:\/\/dirkpeters.info\/?page_id=354","url_meta":{"origin":125,"position":4},"title":"Gothaisches Genealogisches Taschenbuch der freiherrlichen H\u00e4user","author":"dirkpeters","date":"9. Mai 2017","format":false,"excerpt":"Verzeichnis s\u00e4mtlicher Geschlechter, die im Gothaischen Hofkalender und in den Genealogischen Taschenb\u00fcchern enthalten sind.Das Gothaische Genealogische Taschenbuch der freiherrlichen H\u00e4user erschien zwischen 1848 und 1942 im Verlag Justus Perthes in Gotha. 1848 - 1. Jahrgang 1849 - 2. Jahrgang 1853 - 3. Jahrgang 1854 - 4. Jahrgang 1855 - 5.\u2026","rel":"","context":"In \"Adel\"","block_context":{"text":"Adel","link":"https:\/\/dirkpeters.info\/?tag=adel"},"img":{"alt_text":"Gotha Freiherren","src":"https:\/\/i0.wp.com\/test.dirkpeters.net\/wp-content\/uploads\/2017\/05\/gotha_freiherren-679x1024.jpg?resize=350%2C200","width":350,"height":200},"classes":[]},{"id":106,"url":"https:\/\/dirkpeters.info\/?page_id=106","url_meta":{"origin":125,"position":5},"title":"Impressum","author":"dirkpeters","date":"6. Mai 2017","format":false,"excerpt":"Angaben gem\u00e4\u00df \u00a7 5 Telemediengesetz Allgemeine Informationen Name und Anschrift Dirk Peters Am alten Wasserwerk 3 14669 Ketzin mail@dirkpeters.net Telefon: Da ich die Seite rein privat betreibe, gebe ich keine Telefonnummer an. Datenschutzerkl\u00e4rung Weitere Informationen Links auf meine Seiten Selbstverst\u00e4ndlich ist es gern gesehen, wenn Sie meine Homepagen auf Ihrer\u2026","rel":"","context":"\u00c4hnlicher Beitrag","block_context":{"text":"\u00c4hnlicher Beitrag","link":""},"img":{"alt_text":"","src":"","width":0,"height":0},"classes":[]}],"jetpack_sharing_enabled":true,"jetpack_likes_enabled":true,"_links":{"self":[{"href":"https:\/\/dirkpeters.info\/index.php?rest_route=\/wp\/v2\/pages\/125","targetHints":{"allow":["GET"]}}],"collection":[{"href":"https:\/\/dirkpeters.info\/index.php?rest_route=\/wp\/v2\/pages"}],"about":[{"href":"https:\/\/dirkpeters.info\/index.php?rest_route=\/wp\/v2\/types\/page"}],"author":[{"embeddable":true,"href":"https:\/\/dirkpeters.info\/index.php?rest_route=\/wp\/v2\/users\/1"}],"replies":[{"embeddable":true,"href":"https:\/\/dirkpeters.info\/index.php?rest_route=%2Fwp%2Fv2%2Fcomments&post=125"}],"version-history":[{"count":5,"href":"https:\/\/dirkpeters.info\/index.php?rest_route=\/wp\/v2\/pages\/125\/revisions"}],"predecessor-version":[{"id":674,"href":"https:\/\/dirkpeters.info\/index.php?rest_route=\/wp\/v2\/pages\/125\/revisions\/674"}],"up":[{"embeddable":true,"href":"https:\/\/dirkpeters.info\/index.php?rest_route=\/wp\/v2\/pages\/123"}],"wp:attachment":[{"href":"https:\/\/dirkpeters.info\/index.php?rest_route=%2Fwp%2Fv2%2Fmedia&parent=125"}],"curies":[{"name":"wp","href":"https:\/\/api.w.org\/{rel}","templated":true}]}}